{"id":2,"date":"2013-03-14T07:24:19","date_gmt":"2013-03-14T05:24:19","guid":{"rendered":"http:\/\/szss-nitra.sk\/?page_id=2"},"modified":"2026-02-09T13:40:07","modified_gmt":"2026-02-09T11:40:07","slug":"ukazka-strany","status":"publish","type":"page","link":"https:\/\/szss-nitra.sk\/","title":{"rendered":"V\u00edta V\u00e1s Spr\u00e1va zariaden\u00ed soci\u00e1lnych slu\u017eieb"},"content":{"rendered":"<hr \/>\n<p style=\"text-align: justify;\"><strong>Spr\u00e1va zariaden\u00ed soci\u00e1lnych slu\u017eieb <\/strong>je <a href=\"https:\/\/nitra.sk\/socialne-sluzby\/\" target=\"_blank\" rel=\"noopener\">pr\u00edspevkovou organiz\u00e1ciou mesta Nitry<\/a>, zriadenou v roku 2005. Spr\u00e1va zariaden\u00ed soci\u00e1lnych slu\u017eieb je verejn\u00fdm poskytovate\u013eom soci\u00e1lnych slu\u017eieb.<\/p>\n<p style=\"text-align: justify;\">Poskytujeme soci\u00e1lnu slu\u017ebu:<\/p>\n<ul style=\"text-align: justify;\">\n<li>v dennom stacion\u00e1ri pre seniorov, Bani\u010dova 522\/12, Nitra;<\/li>\n<li>v dennom stacion\u00e1ri pre osoby so zdravotn\u00fdm postihnut\u00edm, Bani\u010dova 522\/12, Nitra;<\/li>\n<li>v dennom stacion\u00e1ri pre osoby s poruchami autistick\u00e9ho spektra, Bani\u010dova 523\/14, Nitra;<\/li>\n<li>v zariaden\u00ed pre seniorov, Jansk\u00e9ho 680\/7, Nitra;<\/li>\n<li>v zariaden\u00ed opatrovate\u013eskej slu\u017eby, Jansk\u00e9ho 680\/7, Nitra;<\/li>\n<li>opatrovate\u013esk\u00fa slu\u017ebu v dom\u00e1cnosti;<\/li>\n<li>prepravn\u00fa slu\u017ebu;<\/li>\n<li>po\u017ei\u010diavanie pom\u00f4cok;<\/li>\n<li>soci\u00e1lnu slu\u017ebu v jed\u00e1lni (aj formou rozvozu obedov do dom\u00e1cnosti);<\/li>\n<li>denn\u00e9 centrum Bani\u010dova 522\/12, Nitra; denn\u00e9 centrum Olympia, Tr. A. Hlinku 948\/57, Nitra.<\/li>\n<\/ul>\n<p><img decoding=\"async\" class=\"size-medium wp-image-10818 aligncenter\" src=\"http:\/\/szss-nitra.sk\/wp-content\/uploads\/2023\/11\/uvod_strom-300x283.png\" alt=\"\" width=\"250\" height=\"236&quot;\" srcset=\"https:\/\/szss-nitra.sk\/wp-content\/uploads\/2023\/11\/uvod_strom-300x283.png 300w, https:\/\/szss-nitra.sk\/wp-content\/uploads\/2023\/11\/uvod_strom-1024x967.png 1024w, https:\/\/szss-nitra.sk\/wp-content\/uploads\/2023\/11\/uvod_strom-768x725.png 768w, https:\/\/szss-nitra.sk\/wp-content\/uploads\/2023\/11\/uvod_strom.png 1517w\" sizes=\"(max-width: 300px) 100vw, 300px\" \/><\/p>\n<hr \/>\n","protected":false},"excerpt":{"rendered":"<p>Spr\u00e1va zariaden\u00ed soci\u00e1lnych slu\u017eieb je pr\u00edspevkovou organiz\u00e1ciou mesta Nitry, zriadenou v roku 2005. Spr\u00e1va zariaden\u00ed soci\u00e1lnych slu\u017eieb je verejn\u00fdm poskytovate\u013eom soci\u00e1lnych slu\u017eieb. Poskytujeme soci\u00e1lnu slu\u017ebu: v dennom stacion\u00e1ri pre seniorov, Bani\u010dova 522\/12, Nitra; v dennom stacion\u00e1ri pre osoby so zdravotn\u00fdm postihnut\u00edm, Bani\u010dova 522\/12, Nitra; v dennom stacion\u00e1ri pre osoby s poruchami autistick\u00e9ho spektra, Bani\u010dova 523\/14, [&hellip;]<\/p>\n","protected":false},"author":1,"featured_media":0,"parent":0,"menu_order":0,"comment_status":"closed","ping_status":"closed","template":"","meta":{"footnotes":""},"class_list":["post-2","page","type-page","status-publish","hentry"],"_links":{"self":[{"href":"https:\/\/szss-nitra.sk\/index.php?rest_route=\/wp\/v2\/pages\/2","targetHints":{"allow":["GET"]}}],"collection":[{"href":"https:\/\/szss-nitra.sk\/index.php?rest_route=\/wp\/v2\/pages"}],"about":[{"href":"https:\/\/szss-nitra.sk\/index.php?rest_route=\/wp\/v2\/types\/page"}],"author":[{"embeddable":true,"href":"https:\/\/szss-nitra.sk\/index.php?rest_route=\/wp\/v2\/users\/1"}],"replies":[{"embeddable":true,"href":"https:\/\/szss-nitra.sk\/index.php?rest_route=%2Fwp%2Fv2%2Fcomments&post=2"}],"version-history":[{"count":137,"href":"https:\/\/szss-nitra.sk\/index.php?rest_route=\/wp\/v2\/pages\/2\/revisions"}],"predecessor-version":[{"id":15908,"href":"https:\/\/szss-nitra.sk\/index.php?rest_route=\/wp\/v2\/pages\/2\/revisions\/15908"}],"wp:attachment":[{"href":"https:\/\/szss-nitra.sk\/index.php?rest_route=%2Fwp%2Fv2%2Fmedia&parent=2"}],"curies":[{"name":"wp","href":"https:\/\/api.w.org\/{rel}","templated":true}]}}