{"id":972,"date":"2015-08-28T14:14:30","date_gmt":"2015-08-28T12:14:30","guid":{"rendered":"http:\/\/szss-nitra.sk\/?page_id=972"},"modified":"2015-08-28T14:15:55","modified_gmt":"2015-08-28T12:15:55","slug":"nitra-kedysi-a-dnes","status":"publish","type":"page","link":"http:\/\/szss-nitra.sk\/?page_id=972","title":{"rendered":"Nitra kedysi a dnes"},"content":{"rendered":"<p style=\"text-align: justify;\">V r\u00e1mci <a title=\"1. seniorsk\u00fd ve\u013etrh\" href=\"http:\/\/szss-nitra.sk\/?page_id=968\"><strong>1. seniorsk\u00e9ho ve\u013etrhu<\/strong><\/a>, ktor\u00fd sa konal v n\u00e1kupnom centre Mlyny v pondelok <strong>1. okt\u00f3bra 2012<\/strong> odprezentovali na\u0161i seniori aj zauj\u00edmav\u00fa v\u00fdstavu pod n\u00e1zvom <strong>Nitra kedysi a dnes<\/strong>. Putovn\u00e1 v\u00fdstava bola tak ako ve\u013etrh a mnoh\u00e9 \u010fal\u0161ie akcie v priebehu roka pripraven\u00e1 v r\u00e1mci projektu <em>Mosty medzi gener\u00e1ciami<\/em>.<\/p>\n<p>&nbsp;<\/p>\n<p style=\"text-align: justify;\">Nitra kedysi a dnes zobrazuje podobu mesta Nitra v minulosti v kontraste s jeho s\u00fa\u010dasnou modernou tv\u00e1rou, preto je ur\u010den\u00e1 skuto\u010dne ka\u017ed\u00e9mu, kto sa pri fotografi\u00e1ch pristav\u00ed. Star\u0161\u00edm ro\u010dn\u00edkom pon\u00faka ojedinel\u00fa mo\u017enos\u0165 zaspom\u00edna\u0165 si na \u010dasy d\u00e1vno minul\u00e9 a mlad\u00fdm zase poodhal\u00ed k\u00fasok z hist\u00f3rie matky slovensk\u00fdch miest.<\/p>\n<p>&nbsp;<\/p>\n<p style=\"text-align: justify;\">Za mo\u017enos\u0165 pripravi\u0165 tak\u00fato v\u00fdstavu v\u010fa\u010d\u00edme Klubu priate\u013eov starej Nitry, ktor\u00e9ho \u010dlenovia n\u00e1m l\u00e1skavo zapo\u017ei\u010dali historick\u00e9 fotografie. F\u00f3ru mlad\u00fdch, ktor\u00e9 sa postaralo o vyhotovenie s\u00fa\u010dasn\u00fdch fotografi\u00ed. A v neposlednom rade pani Gacsalovej, ktor\u00e1 seniorov z n\u00e1\u0161ho zariadenia nau\u010dila v\u00fdtvarn\u00fa techniku decoupage, v\u010faka \u010domu s\u00fa fotografie vystavovan\u00e9 v prekr\u00e1snych ru\u010dne vyr\u00e1ban\u00fdch r\u00e1moch, z ktor\u00fdch je ka\u017ed\u00fd neopakovate\u013en\u00fd origin\u00e1l.<\/p>\n<p>&nbsp;<\/p>\n<p style=\"text-align: justify;\">V\u00fdstava Nitra kedysi a dnes bude v term\u00edne od 1.10. do 21.10.2012 vystavovan\u00e1 v Gal\u00e9rii Mlyny na pr\u00edzem\u00ed a potom sa presunie do F\u00f3ra mlad\u00fdch, kde sa bude nach\u00e1dza\u0165 od 24.10.2012.<\/p>\n<p>&nbsp;<\/p>\n<p style=\"text-align: center;\"><a href=\"http:\/\/szss-nitra.sk\/wp-content\/uploads\/2012\/10\/nitra_1.jpg\"><img loading=\"lazy\" decoding=\"async\" class=\"alignnone size-thumbnail wp-image-878\" title=\"nitra_1\" src=\"http:\/\/szss-nitra.sk\/wp-content\/uploads\/2012\/10\/nitra_1-100x100.jpg\" alt=\"\" width=\"100\" height=\"100\" \/> <\/a><a href=\"http:\/\/szss-nitra.sk\/wp-content\/uploads\/2012\/10\/nitra_2.jpg\"><img loading=\"lazy\" decoding=\"async\" class=\"alignnone size-thumbnail wp-image-879\" title=\"nitra_2\" src=\"http:\/\/szss-nitra.sk\/wp-content\/uploads\/2012\/10\/nitra_2-100x100.jpg\" alt=\"\" width=\"100\" height=\"100\" \/> <\/a><a href=\"http:\/\/szss-nitra.sk\/wp-content\/uploads\/2012\/10\/nitra_3.jpg\"><img loading=\"lazy\" decoding=\"async\" class=\"alignnone size-thumbnail wp-image-880\" title=\"nitra_3\" src=\"http:\/\/szss-nitra.sk\/wp-content\/uploads\/2012\/10\/nitra_3-100x100.jpg\" alt=\"\" width=\"100\" height=\"100\" \/> <\/a><a href=\"http:\/\/szss-nitra.sk\/wp-content\/uploads\/2012\/10\/nitra_4.jpg\"><img loading=\"lazy\" decoding=\"async\" class=\"alignnone size-thumbnail wp-image-881\" title=\"nitra_4\" src=\"http:\/\/szss-nitra.sk\/wp-content\/uploads\/2012\/10\/nitra_4-100x100.jpg\" alt=\"\" width=\"100\" height=\"100\" \/> <\/a><a href=\"http:\/\/szss-nitra.sk\/wp-content\/uploads\/2012\/10\/nitra_5.jpg\"><img loading=\"lazy\" decoding=\"async\" class=\"alignnone size-thumbnail wp-image-882\" title=\"nitra_5\" src=\"http:\/\/szss-nitra.sk\/wp-content\/uploads\/2012\/10\/nitra_5-100x100.jpg\" alt=\"\" width=\"100\" height=\"100\" \/> <\/a><a href=\"http:\/\/szss-nitra.sk\/wp-content\/uploads\/2012\/10\/nitra_6.jpg\"><img loading=\"lazy\" decoding=\"async\" class=\"alignnone size-thumbnail wp-image-883\" title=\"nitra_6\" src=\"http:\/\/szss-nitra.sk\/wp-content\/uploads\/2012\/10\/nitra_6-100x100.jpg\" alt=\"\" width=\"100\" height=\"100\" \/> <\/a><a href=\"http:\/\/szss-nitra.sk\/wp-content\/uploads\/2012\/10\/nitra_7.jpg\"><img loading=\"lazy\" decoding=\"async\" class=\"alignnone size-thumbnail wp-image-884\" title=\"nitra_7\" src=\"http:\/\/szss-nitra.sk\/wp-content\/uploads\/2012\/10\/nitra_7-100x100.jpg\" alt=\"\" width=\"100\" height=\"100\" \/> <\/a><a href=\"http:\/\/szss-nitra.sk\/wp-content\/uploads\/2012\/10\/nitra_8.jpg\"><img loading=\"lazy\" decoding=\"async\" class=\"alignnone size-thumbnail wp-image-885\" title=\"nitra_8\" src=\"http:\/\/szss-nitra.sk\/wp-content\/uploads\/2012\/10\/nitra_8-100x100.jpg\" alt=\"\" width=\"100\" height=\"100\" \/><\/a><\/p>\n<p>&nbsp;<br \/>\n&nbsp;<br \/>\n<a title=\"fotogal\u00e9ria\" href=\"http:\/\/szss-nitra.sk\/?page_id=841\">&lt;&lt;&lt; n\u00e1vrat do fotogal\u00e9rie<\/a><\/p>\n","protected":false},"excerpt":{"rendered":"<p>V r\u00e1mci 1. seniorsk\u00e9ho ve\u013etrhu, ktor\u00fd sa konal v n\u00e1kupnom centre Mlyny v pondelok 1. okt\u00f3bra 2012 odprezentovali na\u0161i seniori aj zauj\u00edmav\u00fa v\u00fdstavu pod n\u00e1zvom Nitra kedysi a dnes. Putovn\u00e1 v\u00fdstava bola tak ako ve\u013etrh a mnoh\u00e9 \u010fal\u0161ie akcie v priebehu roka pripraven\u00e1 v r\u00e1mci projektu Mosty medzi gener\u00e1ciami. &nbsp; Nitra kedysi a dnes zobrazuje [&hellip;]<\/p>\n","protected":false},"author":1,"featured_media":0,"parent":959,"menu_order":0,"comment_status":"closed","ping_status":"closed","template":"","meta":{"footnotes":""},"class_list":["post-972","page","type-page","status-publish","hentry"],"_links":{"self":[{"href":"http:\/\/szss-nitra.sk\/index.php?rest_route=\/wp\/v2\/pages\/972","targetHints":{"allow":["GET"]}}],"collection":[{"href":"http:\/\/szss-nitra.sk\/index.php?rest_route=\/wp\/v2\/pages"}],"about":[{"href":"http:\/\/szss-nitra.sk\/index.php?rest_route=\/wp\/v2\/types\/page"}],"author":[{"embeddable":true,"href":"http:\/\/szss-nitra.sk\/index.php?rest_route=\/wp\/v2\/users\/1"}],"replies":[{"embeddable":true,"href":"http:\/\/szss-nitra.sk\/index.php?rest_route=%2Fwp%2Fv2%2Fcomments&post=972"}],"version-history":[{"count":3,"href":"http:\/\/szss-nitra.sk\/index.php?rest_route=\/wp\/v2\/pages\/972\/revisions"}],"predecessor-version":[{"id":978,"href":"http:\/\/szss-nitra.sk\/index.php?rest_route=\/wp\/v2\/pages\/972\/revisions\/978"}],"up":[{"embeddable":true,"href":"http:\/\/szss-nitra.sk\/index.php?rest_route=\/wp\/v2\/pages\/959"}],"wp:attachment":[{"href":"http:\/\/szss-nitra.sk\/index.php?rest_route=%2Fwp%2Fv2%2Fmedia&parent=972"}],"curies":[{"name":"wp","href":"https:\/\/api.w.org\/{rel}","templated":true}]}}