{"id":964,"date":"2015-08-28T14:03:07","date_gmt":"2015-08-28T12:03:07","guid":{"rendered":"http:\/\/szss-nitra.sk\/?page_id=964"},"modified":"2015-08-28T14:03:07","modified_gmt":"2015-08-28T12:03:07","slug":"vianoce-2012","status":"publish","type":"page","link":"http:\/\/szss-nitra.sk\/?page_id=964","title":{"rendered":"Vianoce 2012"},"content":{"rendered":"<p style=\"text-align: justify;\">V stredu <strong>12. decembra 2012<\/strong> sme pre klientov n\u00e1\u0161ho zariadenia pripravili <strong>viano\u010dn\u00fd de\u0148<\/strong> obohaten\u00fd kult\u00farnym programom a zav\u0155\u0161en\u00fd viano\u010dnou kapustnicou pani riadite\u013eky. Dopoludnia pri\u0161li na\u0161im klientom spr\u00edjemni\u0165 predviano\u010dn\u00e9 dni deti z M\u0160 Platanova, ktor\u00e9 seniorom zaspievali a zavin\u0161ovali k Vianociam. Popoludn\u00ed zase vyst\u00fapil spev\u00e1cky s\u00fabor Nev\u00e4dza, ktor\u00fd si pre na\u0161ich seniorov pripravil bohat\u00fd program pln\u00fd tradi\u010dn\u00fdch viano\u010dn\u00fdch aj vesel\u00fdch piesn\u00ed. Taktie\u017e n\u00e1s poctil svojou n\u00e1v\u0161tevou p\u00e1n Jozef D\u00f3czy, ktor\u00fd cel\u00fd program obohatil hovoren\u00fdm slovom. Odmenen\u00ed boli aj absolventi Tr\u00e9ningov pam\u00e4ti, ka\u017ed\u00fd \u00faspe\u0161n\u00fd absolvent dostal diplom.<\/p>\n<p>&nbsp;<br \/>\n<strong>Vyst\u00fapenie det\u00ed z M\u0160 Platanova<\/strong><br \/>\n&nbsp;<br \/>\n<a href=\"http:\/\/szss-nitra.sk\/wp-content\/uploads\/2012\/12\/skolka_1.jpg\"><img loading=\"lazy\" decoding=\"async\" class=\"alignnone size-thumbnail wp-image-1025\" title=\"skolka_1\" src=\"http:\/\/szss-nitra.sk\/wp-content\/uploads\/2012\/12\/skolka_1-100x100.jpg\" alt=\"\" width=\"100\" height=\"100\" \/> <\/a><a href=\"http:\/\/szss-nitra.sk\/wp-content\/uploads\/2012\/12\/skolka_2.jpg\"><img loading=\"lazy\" decoding=\"async\" class=\"alignnone size-thumbnail wp-image-1024\" title=\"skolka_2\" src=\"http:\/\/szss-nitra.sk\/wp-content\/uploads\/2012\/12\/skolka_2-100x100.jpg\" alt=\"\" width=\"100\" height=\"100\" \/> <\/a><a href=\"http:\/\/szss-nitra.sk\/wp-content\/uploads\/2012\/12\/skolka_3.jpg\"><img loading=\"lazy\" decoding=\"async\" class=\"alignnone size-thumbnail wp-image-1023\" title=\"skolka_3\" src=\"http:\/\/szss-nitra.sk\/wp-content\/uploads\/2012\/12\/skolka_3-100x100.jpg\" alt=\"\" width=\"100\" height=\"100\" \/> <\/a><a href=\"http:\/\/szss-nitra.sk\/wp-content\/uploads\/2012\/12\/skolka_4.jpg\"><img loading=\"lazy\" decoding=\"async\" class=\"alignnone size-thumbnail wp-image-1022\" title=\"skolka_4\" src=\"http:\/\/szss-nitra.sk\/wp-content\/uploads\/2012\/12\/skolka_4-100x100.jpg\" alt=\"\" width=\"100\" height=\"100\" \/> <\/a><a href=\"http:\/\/szss-nitra.sk\/wp-content\/uploads\/2012\/12\/skolka_5.jpg\"><img loading=\"lazy\" decoding=\"async\" class=\"alignnone size-thumbnail wp-image-1021\" title=\"skolka_5\" src=\"http:\/\/szss-nitra.sk\/wp-content\/uploads\/2012\/12\/skolka_5-100x100.jpg\" alt=\"\" width=\"100\" height=\"100\" \/> <\/a><a href=\"http:\/\/szss-nitra.sk\/wp-content\/uploads\/2012\/12\/skolka_6.jpg\"><img loading=\"lazy\" decoding=\"async\" class=\"alignnone size-thumbnail wp-image-1020\" title=\"skolka_6\" src=\"http:\/\/szss-nitra.sk\/wp-content\/uploads\/2012\/12\/skolka_6-100x100.jpg\" alt=\"\" width=\"100\" height=\"100\" \/> <\/a><a href=\"http:\/\/szss-nitra.sk\/wp-content\/uploads\/2012\/12\/skolka_7.jpg\"><img loading=\"lazy\" decoding=\"async\" class=\"alignnone size-thumbnail wp-image-1033\" title=\"skolka_7\" src=\"http:\/\/szss-nitra.sk\/wp-content\/uploads\/2012\/12\/skolka_7-100x100.jpg\" alt=\"\" width=\"100\" height=\"100\" \/> <\/a><a href=\"http:\/\/szss-nitra.sk\/wp-content\/uploads\/2012\/12\/skolka_8.jpg\"><img loading=\"lazy\" decoding=\"async\" class=\"alignnone size-thumbnail wp-image-1032\" title=\"skolka_8\" src=\"http:\/\/szss-nitra.sk\/wp-content\/uploads\/2012\/12\/skolka_8-100x100.jpg\" alt=\"\" width=\"100\" height=\"100\" \/> <\/a><a href=\"http:\/\/szss-nitra.sk\/wp-content\/uploads\/2012\/12\/skolka_9.jpg\"><img loading=\"lazy\" decoding=\"async\" class=\"alignnone size-thumbnail wp-image-1031\" title=\"skolka_9\" src=\"http:\/\/szss-nitra.sk\/wp-content\/uploads\/2012\/12\/skolka_9-100x100.jpg\" alt=\"\" width=\"100\" height=\"100\" \/> <\/a><a href=\"http:\/\/szss-nitra.sk\/wp-content\/uploads\/2012\/12\/skolka_10.jpg\"><img loading=\"lazy\" decoding=\"async\" class=\"alignnone size-thumbnail wp-image-1030\" title=\"skolka_10\" src=\"http:\/\/szss-nitra.sk\/wp-content\/uploads\/2012\/12\/skolka_10-100x100.jpg\" alt=\"\" width=\"100\" height=\"100\" \/> <\/a><a href=\"http:\/\/szss-nitra.sk\/wp-content\/uploads\/2012\/12\/skolka_11.jpg\"><img loading=\"lazy\" decoding=\"async\" class=\"alignnone size-thumbnail wp-image-1029\" title=\"skolka_11\" src=\"http:\/\/szss-nitra.sk\/wp-content\/uploads\/2012\/12\/skolka_11-100x100.jpg\" alt=\"\" width=\"100\" height=\"100\" \/> <\/a><a href=\"http:\/\/szss-nitra.sk\/wp-content\/uploads\/2012\/12\/skolka_12.jpg\"><img loading=\"lazy\" decoding=\"async\" class=\"alignnone size-thumbnail wp-image-1028\" title=\"skolka_12\" src=\"http:\/\/szss-nitra.sk\/wp-content\/uploads\/2012\/12\/skolka_12-100x100.jpg\" alt=\"\" width=\"100\" height=\"100\" \/> <\/a><a href=\"http:\/\/szss-nitra.sk\/wp-content\/uploads\/2012\/12\/skolka_13.jpg\"><img loading=\"lazy\" decoding=\"async\" class=\"alignnone size-thumbnail wp-image-1027\" title=\"skolka_13\" src=\"http:\/\/szss-nitra.sk\/wp-content\/uploads\/2012\/12\/skolka_13-100x100.jpg\" alt=\"\" width=\"100\" height=\"100\" \/> <\/a><a href=\"http:\/\/szss-nitra.sk\/wp-content\/uploads\/2012\/12\/skolka_14.jpg\"><img loading=\"lazy\" decoding=\"async\" class=\"alignnone size-thumbnail wp-image-1026\" title=\"skolka_14\" src=\"http:\/\/szss-nitra.sk\/wp-content\/uploads\/2012\/12\/skolka_14-100x100.jpg\" alt=\"\" width=\"100\" height=\"100\" \/><\/a><br \/>\n&nbsp;<br \/>\nViano\u010dn\u00e9 posedenie &#8211; vyst\u00fapenie<strong> spev\u00e1ckeho s\u00faboru Nev\u00e4dza<\/strong> a p\u00e1na <strong>Jozefa D\u00f3czyho<\/strong><br \/>\n&nbsp;<br \/>\n<a href=\"http:\/\/szss-nitra.sk\/wp-content\/uploads\/2012\/12\/vianoce2012_1.jpg\"><img loading=\"lazy\" decoding=\"async\" class=\"alignnone size-thumbnail wp-image-1035\" title=\"vianoce2012_1\" src=\"http:\/\/szss-nitra.sk\/wp-content\/uploads\/2012\/12\/vianoce2012_1-100x100.jpg\" alt=\"\" width=\"100\" height=\"100\" \/> <\/a><a href=\"http:\/\/szss-nitra.sk\/wp-content\/uploads\/2012\/12\/vianoce2012_2.jpg\"><img loading=\"lazy\" decoding=\"async\" class=\"alignnone size-thumbnail wp-image-1053\" title=\"vianoce2012_2\" src=\"http:\/\/szss-nitra.sk\/wp-content\/uploads\/2012\/12\/vianoce2012_2-100x100.jpg\" alt=\"\" width=\"100\" height=\"100\" \/> <\/a><a href=\"http:\/\/szss-nitra.sk\/wp-content\/uploads\/2012\/12\/vianoce2012_3.jpg\"><img loading=\"lazy\" decoding=\"async\" class=\"alignnone size-thumbnail wp-image-1052\" title=\"vianoce2012_3\" src=\"http:\/\/szss-nitra.sk\/wp-content\/uploads\/2012\/12\/vianoce2012_3-100x100.jpg\" alt=\"\" width=\"100\" height=\"100\" \/> <\/a><a href=\"http:\/\/szss-nitra.sk\/wp-content\/uploads\/2012\/12\/vianoce2012_4.jpg\"><img loading=\"lazy\" decoding=\"async\" class=\"alignnone size-thumbnail wp-image-1051\" title=\"vianoce2012_4\" src=\"http:\/\/szss-nitra.sk\/wp-content\/uploads\/2012\/12\/vianoce2012_4-100x100.jpg\" alt=\"\" width=\"100\" height=\"100\" \/> <\/a><a href=\"http:\/\/szss-nitra.sk\/wp-content\/uploads\/2012\/12\/vianoce2012_5.jpg\"><img loading=\"lazy\" decoding=\"async\" class=\"alignnone size-thumbnail wp-image-1050\" title=\"vianoce2012_5\" src=\"http:\/\/szss-nitra.sk\/wp-content\/uploads\/2012\/12\/vianoce2012_5-100x100.jpg\" alt=\"\" width=\"100\" height=\"100\" \/> <\/a><a href=\"http:\/\/szss-nitra.sk\/wp-content\/uploads\/2012\/12\/vianoce2012_6.jpg\"><img loading=\"lazy\" decoding=\"async\" class=\"alignnone size-thumbnail wp-image-1049\" title=\"vianoce2012_6\" src=\"http:\/\/szss-nitra.sk\/wp-content\/uploads\/2012\/12\/vianoce2012_6-100x100.jpg\" alt=\"\" width=\"100\" height=\"100\" \/> <\/a><a href=\"http:\/\/szss-nitra.sk\/wp-content\/uploads\/2012\/12\/vianoce2012_7.jpg\"><img loading=\"lazy\" decoding=\"async\" class=\"alignnone size-thumbnail wp-image-1048\" title=\"vianoce2012_7\" src=\"http:\/\/szss-nitra.sk\/wp-content\/uploads\/2012\/12\/vianoce2012_7-100x100.jpg\" alt=\"\" width=\"100\" height=\"100\" \/> <\/a><a href=\"http:\/\/szss-nitra.sk\/wp-content\/uploads\/2012\/12\/vianoce2012_8.jpg\"><img loading=\"lazy\" decoding=\"async\" class=\"alignnone size-thumbnail wp-image-1047\" title=\"vianoce2012_8\" src=\"http:\/\/szss-nitra.sk\/wp-content\/uploads\/2012\/12\/vianoce2012_8-100x100.jpg\" alt=\"\" width=\"100\" height=\"100\" \/> <\/a><a href=\"http:\/\/szss-nitra.sk\/wp-content\/uploads\/2012\/12\/vianoce2012_9.jpg\"><img loading=\"lazy\" decoding=\"async\" class=\"alignnone size-thumbnail wp-image-1046\" title=\"vianoce2012_9\" src=\"http:\/\/szss-nitra.sk\/wp-content\/uploads\/2012\/12\/vianoce2012_9-100x100.jpg\" alt=\"\" width=\"100\" height=\"100\" \/> <\/a><a href=\"http:\/\/szss-nitra.sk\/wp-content\/uploads\/2012\/12\/vianoce2012_10.jpg\"><img loading=\"lazy\" decoding=\"async\" class=\"alignnone size-thumbnail wp-image-1045\" title=\"vianoce2012_10\" src=\"http:\/\/szss-nitra.sk\/wp-content\/uploads\/2012\/12\/vianoce2012_10-100x100.jpg\" alt=\"\" width=\"100\" height=\"100\" \/> <\/a><a href=\"http:\/\/szss-nitra.sk\/wp-content\/uploads\/2012\/12\/vianoce2012_11.jpg\"><img loading=\"lazy\" decoding=\"async\" class=\"alignnone size-thumbnail wp-image-1054\" title=\"vianoce2012_11\" src=\"http:\/\/szss-nitra.sk\/wp-content\/uploads\/2012\/12\/vianoce2012_11-100x100.jpg\" alt=\"\" width=\"100\" height=\"100\" \/> <\/a><a href=\"http:\/\/szss-nitra.sk\/wp-content\/uploads\/2012\/12\/vianoce2012_12.jpg\"><img loading=\"lazy\" decoding=\"async\" class=\"alignnone size-thumbnail wp-image-1043\" title=\"vianoce2012_12\" src=\"http:\/\/szss-nitra.sk\/wp-content\/uploads\/2012\/12\/vianoce2012_12-100x100.jpg\" alt=\"\" width=\"100\" height=\"100\" \/> <\/a><a href=\"http:\/\/szss-nitra.sk\/wp-content\/uploads\/2012\/12\/vianoce2012_13.jpg\"><img loading=\"lazy\" decoding=\"async\" class=\"alignnone size-thumbnail wp-image-1042\" title=\"vianoce2012_13\" src=\"http:\/\/szss-nitra.sk\/wp-content\/uploads\/2012\/12\/vianoce2012_13-100x100.jpg\" alt=\"\" width=\"100\" height=\"100\" \/> <\/a><a href=\"http:\/\/szss-nitra.sk\/wp-content\/uploads\/2012\/12\/vianoce2012_15.jpg\"><img loading=\"lazy\" decoding=\"async\" class=\"alignnone size-thumbnail wp-image-1040\" title=\"vianoce2012_15\" src=\"http:\/\/szss-nitra.sk\/wp-content\/uploads\/2012\/12\/vianoce2012_15-100x100.jpg\" alt=\"\" width=\"100\" height=\"100\" \/><\/a><br \/>\n&nbsp;<br \/>\nAbsolventi tr\u00e9ningov pam\u00e4ti<br \/>\n&nbsp;<br \/>\n<a href=\"http:\/\/szss-nitra.sk\/wp-content\/uploads\/2012\/12\/vianoce2012_16.jpg\"><img loading=\"lazy\" decoding=\"async\" class=\"alignnone size-thumbnail wp-image-1039\" title=\"vianoce2012_16\" src=\"http:\/\/szss-nitra.sk\/wp-content\/uploads\/2012\/12\/vianoce2012_16-100x100.jpg\" alt=\"\" width=\"100\" height=\"100\" \/> <\/a><a href=\"http:\/\/szss-nitra.sk\/wp-content\/uploads\/2012\/12\/vianoce2012_17.jpg\"><img loading=\"lazy\" decoding=\"async\" class=\"alignnone size-thumbnail wp-image-1038\" title=\"vianoce2012_17\" src=\"http:\/\/szss-nitra.sk\/wp-content\/uploads\/2012\/12\/vianoce2012_17-100x100.jpg\" alt=\"\" width=\"100\" height=\"100\" \/> <\/a><a href=\"http:\/\/szss-nitra.sk\/wp-content\/uploads\/2012\/12\/vianoce2012_18.jpg\"><img loading=\"lazy\" decoding=\"async\" class=\"alignnone size-thumbnail wp-image-1037\" title=\"vianoce2012_18\" src=\"http:\/\/szss-nitra.sk\/wp-content\/uploads\/2012\/12\/vianoce2012_18-100x100.jpg\" alt=\"\" width=\"100\" height=\"100\" \/> <\/a><a href=\"http:\/\/szss-nitra.sk\/wp-content\/uploads\/2012\/12\/vianoce2012_19.jpg\"><img loading=\"lazy\" decoding=\"async\" class=\"alignnone size-thumbnail wp-image-1036\" title=\"vianoce2012_19\" src=\"http:\/\/szss-nitra.sk\/wp-content\/uploads\/2012\/12\/vianoce2012_19-100x100.jpg\" alt=\"\" width=\"100\" height=\"100\" \/><\/a><br \/>\n&nbsp;<br \/>\n&nbsp;<br \/>\n<a title=\"fotogal\u00e9ria\" href=\"http:\/\/szss-nitra.sk\/?page_id=841\">&lt;&lt;&lt; n\u00e1vrat do fotogal\u00e9rie<\/a><\/p>\n","protected":false},"excerpt":{"rendered":"<p>V stredu 12. decembra 2012 sme pre klientov n\u00e1\u0161ho zariadenia pripravili viano\u010dn\u00fd de\u0148 obohaten\u00fd kult\u00farnym programom a zav\u0155\u0161en\u00fd viano\u010dnou kapustnicou pani riadite\u013eky. Dopoludnia pri\u0161li na\u0161im klientom spr\u00edjemni\u0165 predviano\u010dn\u00e9 dni deti z M\u0160 Platanova, ktor\u00e9 seniorom zaspievali a zavin\u0161ovali k Vianociam. Popoludn\u00ed zase vyst\u00fapil spev\u00e1cky s\u00fabor Nev\u00e4dza, ktor\u00fd si pre na\u0161ich seniorov pripravil bohat\u00fd program pln\u00fd [&hellip;]<\/p>\n","protected":false},"author":1,"featured_media":0,"parent":655,"menu_order":0,"comment_status":"closed","ping_status":"closed","template":"","meta":{"footnotes":""},"class_list":["post-964","page","type-page","status-publish","hentry"],"_links":{"self":[{"href":"http:\/\/szss-nitra.sk\/index.php?rest_route=\/wp\/v2\/pages\/964","targetHints":{"allow":["GET"]}}],"collection":[{"href":"http:\/\/szss-nitra.sk\/index.php?rest_route=\/wp\/v2\/pages"}],"about":[{"href":"http:\/\/szss-nitra.sk\/index.php?rest_route=\/wp\/v2\/types\/page"}],"author":[{"embeddable":true,"href":"http:\/\/szss-nitra.sk\/index.php?rest_route=\/wp\/v2\/users\/1"}],"replies":[{"embeddable":true,"href":"http:\/\/szss-nitra.sk\/index.php?rest_route=%2Fwp%2Fv2%2Fcomments&post=964"}],"version-history":[{"count":2,"href":"http:\/\/szss-nitra.sk\/index.php?rest_route=\/wp\/v2\/pages\/964\/revisions"}],"predecessor-version":[{"id":967,"href":"http:\/\/szss-nitra.sk\/index.php?rest_route=\/wp\/v2\/pages\/964\/revisions\/967"}],"up":[{"embeddable":true,"href":"http:\/\/szss-nitra.sk\/index.php?rest_route=\/wp\/v2\/pages\/655"}],"wp:attachment":[{"href":"http:\/\/szss-nitra.sk\/index.php?rest_route=%2Fwp%2Fv2%2Fmedia&parent=964"}],"curies":[{"name":"wp","href":"https:\/\/api.w.org\/{rel}","templated":true}]}}