{"id":942,"date":"2015-08-28T13:22:30","date_gmt":"2015-08-28T11:22:30","guid":{"rendered":"http:\/\/szss-nitra.sk\/?page_id=942"},"modified":"2015-08-28T13:22:30","modified_gmt":"2015-08-28T11:22:30","slug":"prednaska-zdravy-zivotny-styl-s-mgr-barekovou","status":"publish","type":"page","link":"http:\/\/szss-nitra.sk\/?page_id=942","title":{"rendered":"Predn\u00e1\u0161ka: Zdrav\u00fd \u017eivotn\u00fd \u0161t\u00fdl s Mgr. B\u00e1rekovou"},"content":{"rendered":"<p style=\"text-align: justify;\">21. m\u00e1ja 2012 sa v na\u0161om zariaden\u00ed v r\u00e1mci Dn\u00ed zdravia organizovan\u00fdch mestom Nitra konala predn\u00e1\u0161ka na t\u00e9mu &#8222;<strong>Zdrav\u00fd \u017eivotn\u00fd \u0161t\u00fdl<\/strong>&#8222;. Predn\u00e1\u0161ku viedla <strong>Mgr. B\u00e1rekov\u00e1<\/strong> z Region\u00e1lneho \u00faradu verejn\u00e9ho zdravotn\u00edctva v Nitre. Klienti boli obozn\u00e1men\u00ed z mno\u017estvom zauj\u00edmav\u00fdch mo\u017enost\u00ed ako sa lep\u0161ie stara\u0165 o svoje zdravie. Hovorilo sa o \u0161kodlivosti faj\u010denia a po\u017e\u00edvania alkoholu, o zdravej strave, potrebe fyzick\u00e9ho pohybu a \u010fal\u0161\u00edch aspektoch vpl\u00fdvaj\u00facich na ich zdravie.<\/p>\n<p>&nbsp;<br \/>\n<a href=\"http:\/\/szss-nitra.sk\/wp-content\/uploads\/2012\/06\/beseda_14.jpg\"><img loading=\"lazy\" decoding=\"async\" class=\"alignnone size-thumbnail wp-image-501\" title=\"beseda_14\" src=\"http:\/\/szss-nitra.sk\/wp-content\/uploads\/2012\/06\/beseda_14-100x100.jpg\" alt=\"\" width=\"100\" height=\"100\" \/> <\/a><a href=\"http:\/\/szss-nitra.sk\/wp-content\/uploads\/2012\/06\/beseda_15.jpg\"><img loading=\"lazy\" decoding=\"async\" class=\"alignnone size-thumbnail wp-image-502\" title=\"beseda_15\" src=\"http:\/\/szss-nitra.sk\/wp-content\/uploads\/2012\/06\/beseda_15-100x100.jpg\" alt=\"\" width=\"100\" height=\"100\" \/> <\/a><a href=\"http:\/\/szss-nitra.sk\/wp-content\/uploads\/2012\/06\/beseda_16.jpg\"><img loading=\"lazy\" decoding=\"async\" class=\"alignnone size-thumbnail wp-image-503\" title=\"beseda_16\" src=\"http:\/\/szss-nitra.sk\/wp-content\/uploads\/2012\/06\/beseda_16-100x100.jpg\" alt=\"\" width=\"100\" height=\"100\" \/> <\/a><a href=\"http:\/\/szss-nitra.sk\/wp-content\/uploads\/2012\/06\/beseda_17.jpg\"><img loading=\"lazy\" decoding=\"async\" class=\"alignnone size-thumbnail wp-image-504\" title=\"beseda_17\" src=\"http:\/\/szss-nitra.sk\/wp-content\/uploads\/2012\/06\/beseda_17-100x100.jpg\" alt=\"\" width=\"100\" height=\"100\" \/> <\/a><a href=\"http:\/\/szss-nitra.sk\/wp-content\/uploads\/2012\/06\/beseda_18.jpg\"><img loading=\"lazy\" decoding=\"async\" class=\"alignnone size-thumbnail wp-image-505\" title=\"beseda_18\" src=\"http:\/\/szss-nitra.sk\/wp-content\/uploads\/2012\/06\/beseda_18-100x100.jpg\" alt=\"\" width=\"100\" height=\"100\" \/> <\/a><a href=\"http:\/\/szss-nitra.sk\/wp-content\/uploads\/2012\/06\/beseda_19.jpg\"><img loading=\"lazy\" decoding=\"async\" class=\"alignnone size-thumbnail wp-image-506\" title=\"beseda_19\" src=\"http:\/\/szss-nitra.sk\/wp-content\/uploads\/2012\/06\/beseda_19-100x100.jpg\" alt=\"\" width=\"100\" height=\"100\" \/> <\/a><a href=\"http:\/\/szss-nitra.sk\/wp-content\/uploads\/2012\/06\/beseda_20.jpg\"><img loading=\"lazy\" decoding=\"async\" class=\"alignnone size-thumbnail wp-image-507\" title=\"beseda_20\" src=\"http:\/\/szss-nitra.sk\/wp-content\/uploads\/2012\/06\/beseda_20-100x100.jpg\" alt=\"\" width=\"100\" height=\"100\" \/> <\/a><a href=\"http:\/\/szss-nitra.sk\/wp-content\/uploads\/2012\/06\/beseda_21.jpg\"><img loading=\"lazy\" decoding=\"async\" class=\"alignnone size-thumbnail wp-image-508\" title=\"beseda_21\" src=\"http:\/\/szss-nitra.sk\/wp-content\/uploads\/2012\/06\/beseda_21-100x100.jpg\" alt=\"\" width=\"100\" height=\"100\" \/><\/a><br \/>\n&nbsp;<br \/>\n&nbsp;<br \/>\n<a title=\"fotogal\u00e9ria\" href=\"http:\/\/szss-nitra.sk\/?page_id=896\">&lt;&lt;&lt; n\u00e1vrat do fotogal\u00e9rie<\/a><\/p>\n","protected":false},"excerpt":{"rendered":"<p>21. m\u00e1ja 2012 sa v na\u0161om zariaden\u00ed v r\u00e1mci Dn\u00ed zdravia organizovan\u00fdch mestom Nitra konala predn\u00e1\u0161ka na t\u00e9mu &#8222;Zdrav\u00fd \u017eivotn\u00fd \u0161t\u00fdl&#8222;. Predn\u00e1\u0161ku viedla Mgr. B\u00e1rekov\u00e1 z Region\u00e1lneho \u00faradu verejn\u00e9ho zdravotn\u00edctva v Nitre. Klienti boli obozn\u00e1men\u00ed z mno\u017estvom zauj\u00edmav\u00fdch mo\u017enost\u00ed ako sa lep\u0161ie stara\u0165 o svoje zdravie. Hovorilo sa o \u0161kodlivosti faj\u010denia a po\u017e\u00edvania alkoholu, o [&hellip;]<\/p>\n","protected":false},"author":1,"featured_media":0,"parent":896,"menu_order":0,"comment_status":"closed","ping_status":"closed","template":"","meta":{"footnotes":""},"class_list":["post-942","page","type-page","status-publish","hentry"],"_links":{"self":[{"href":"http:\/\/szss-nitra.sk\/index.php?rest_route=\/wp\/v2\/pages\/942","targetHints":{"allow":["GET"]}}],"collection":[{"href":"http:\/\/szss-nitra.sk\/index.php?rest_route=\/wp\/v2\/pages"}],"about":[{"href":"http:\/\/szss-nitra.sk\/index.php?rest_route=\/wp\/v2\/types\/page"}],"author":[{"embeddable":true,"href":"http:\/\/szss-nitra.sk\/index.php?rest_route=\/wp\/v2\/users\/1"}],"replies":[{"embeddable":true,"href":"http:\/\/szss-nitra.sk\/index.php?rest_route=%2Fwp%2Fv2%2Fcomments&post=942"}],"version-history":[{"count":2,"href":"http:\/\/szss-nitra.sk\/index.php?rest_route=\/wp\/v2\/pages\/942\/revisions"}],"predecessor-version":[{"id":944,"href":"http:\/\/szss-nitra.sk\/index.php?rest_route=\/wp\/v2\/pages\/942\/revisions\/944"}],"up":[{"embeddable":true,"href":"http:\/\/szss-nitra.sk\/index.php?rest_route=\/wp\/v2\/pages\/896"}],"wp:attachment":[{"href":"http:\/\/szss-nitra.sk\/index.php?rest_route=%2Fwp%2Fv2%2Fmedia&parent=942"}],"curies":[{"name":"wp","href":"https:\/\/api.w.org\/{rel}","templated":true}]}}