{"id":7207,"date":"2021-09-30T12:53:39","date_gmt":"2021-09-30T10:53:39","guid":{"rendered":"http:\/\/szss-nitra.sk\/?page_id=7207"},"modified":"2022-11-28T10:51:23","modified_gmt":"2022-11-28T08:51:23","slug":"gdpr-ochrana-osobnych-udajov","status":"publish","type":"page","link":"http:\/\/szss-nitra.sk\/?page_id=7207","title":{"rendered":"GDPR &#8211; ochrana osobn\u00fdch \u00fadajov"},"content":{"rendered":"<p style=\"text-align: justify;\">Prev\u00e1dzkovate\u013eom sprac\u00favaj\u00facim va\u0161e osobn\u00e9 \u00fadaje je organiz\u00e1cia Spr\u00e1va zariaden\u00ed soci\u00e1lnych slu\u017eieb, Jansk\u00e9ho 680\/7, 949 01 Nitra.<\/p>\n<p style=\"text-align: justify;\">\u200bKontaktn\u00e9 \u00fadaje zodpovednej osoby pre doh\u013ead nad sprac\u00favan\u00edm osobn\u00fdch \u00fadajov: e-mail <strong>dpo7<img loading=\"lazy\" decoding=\"async\" class=\"alignnone size-full wp-image-645\" src=\"http:\/\/szss-nitra.sk\/wp-content\/uploads\/2013\/03\/zavinac.png\" alt=\"\" width=\"20\" height=\"20\" \/>proenergy.sk<\/strong><\/p>\n<p style=\"text-align: justify;\">Prev\u00e1dzkovate\u013e IS sprac\u00fava osobn\u00e9 \u00fadaje o dotknut\u00fdch osob\u00e1ch v nasleduj\u00facich informa\u010dn\u00fdch syst\u00e9moch:<\/p>\n<p><em><strong>Zamestnanci a uch\u00e1dza\u010di<\/strong><\/em><\/p>\n<p><img loading=\"lazy\" decoding=\"async\" class=\"alignnone size-full wp-image-3164\" src=\"http:\/\/szss-nitra.sk\/wp-content\/uploads\/2013\/10\/pdf_mini.png\" alt=\"\" width=\"30\" height=\"30\" srcset=\"http:\/\/szss-nitra.sk\/wp-content\/uploads\/2013\/10\/pdf_mini.png 30w, http:\/\/szss-nitra.sk\/wp-content\/uploads\/2013\/10\/pdf_mini-24x24.png 24w\" sizes=\"auto, (max-width: 30px) 100vw, 30px\" \/> <a href=\"http:\/\/szss-nitra.sk\/wp-content\/uploads\/2021\/09\/IDO-\u00a719-a-20-IS-personalistika-a-mzdy-uch\u00e1dza\u010di-o-zamestnanie-6.pdf\" target=\"_blank\" rel=\"noopener noreferrer\">IDO \u00a719 a 20 IS personalistika a mzdy &#8211; uch\u00e1dza\u010di o zamestnanie<\/a><\/p>\n<p><img loading=\"lazy\" decoding=\"async\" class=\"alignnone size-full wp-image-3164\" src=\"http:\/\/szss-nitra.sk\/wp-content\/uploads\/2013\/10\/pdf_mini.png\" alt=\"\" width=\"30\" height=\"30\" srcset=\"http:\/\/szss-nitra.sk\/wp-content\/uploads\/2013\/10\/pdf_mini.png 30w, http:\/\/szss-nitra.sk\/wp-content\/uploads\/2013\/10\/pdf_mini-24x24.png 24w\" sizes=\"auto, (max-width: 30px) 100vw, 30px\" \/> <a href=\"http:\/\/szss-nitra.sk\/wp-content\/uploads\/2021\/09\/IDO-\u00a719-a-20-IS-personalistika-a-mzdy-zamestnanci-3.pdf\" target=\"_blank\" rel=\"noopener noreferrer\">IDO \u00a719 a 20 IS personalistika a mzdy &#8211; zamestnanci<\/a><\/p>\n<p><img loading=\"lazy\" decoding=\"async\" class=\"alignnone size-full wp-image-3164\" src=\"http:\/\/szss-nitra.sk\/wp-content\/uploads\/2013\/10\/pdf_mini.png\" alt=\"\" width=\"30\" height=\"30\" srcset=\"http:\/\/szss-nitra.sk\/wp-content\/uploads\/2013\/10\/pdf_mini.png 30w, http:\/\/szss-nitra.sk\/wp-content\/uploads\/2013\/10\/pdf_mini-24x24.png 24w\" sizes=\"auto, (max-width: 30px) 100vw, 30px\" \/> <a href=\"http:\/\/szss-nitra.sk\/wp-content\/uploads\/2021\/09\/IDO-\u00a719-a-20-IS-stravovanie-3.pdf\" target=\"_blank\" rel=\"noopener noreferrer\">IDO \u00a719 a 20 IS stravovanie<\/a><\/p>\n<p><img loading=\"lazy\" decoding=\"async\" class=\"alignnone size-full wp-image-3164\" src=\"http:\/\/szss-nitra.sk\/wp-content\/uploads\/2013\/10\/pdf_mini.png\" alt=\"\" width=\"30\" height=\"30\" srcset=\"http:\/\/szss-nitra.sk\/wp-content\/uploads\/2013\/10\/pdf_mini.png 30w, http:\/\/szss-nitra.sk\/wp-content\/uploads\/2013\/10\/pdf_mini-24x24.png 24w\" sizes=\"auto, (max-width: 30px) 100vw, 30px\" \/> <a href=\"http:\/\/szss-nitra.sk\/wp-content\/uploads\/2021\/09\/IDO-\u00a719-a-20-IS-kamerov\u00fd-syst\u00e9m-opr\u00e1vnen\u00fd-z\u00e1ujem-4.pdf\" target=\"_blank\" rel=\"noopener noreferrer\">IDO \u00a719 a 20 IS kamerov\u00fd syst\u00e9m &#8211; opr\u00e1vnen\u00fd z\u00e1ujem<\/a><\/p>\n<p><img loading=\"lazy\" decoding=\"async\" class=\"alignnone size-full wp-image-3164\" src=\"http:\/\/szss-nitra.sk\/wp-content\/uploads\/2013\/10\/pdf_mini.png\" alt=\"\" width=\"30\" height=\"30\" srcset=\"http:\/\/szss-nitra.sk\/wp-content\/uploads\/2013\/10\/pdf_mini.png 30w, http:\/\/szss-nitra.sk\/wp-content\/uploads\/2013\/10\/pdf_mini-24x24.png 24w\" sizes=\"auto, (max-width: 30px) 100vw, 30px\" \/> <a href=\"http:\/\/szss-nitra.sk\/wp-content\/uploads\/2021\/09\/IDO-\u00a719-a-20-IS-monit.-zamest.-na-pracovisku-kameryGPS-6.pdf\" target=\"_blank\" rel=\"noopener noreferrer\">IDO \u00a719 a 20 IS monitorovanie zamestnancov na pracovisku &#8211; kamery, GPS<\/a><\/p>\n<p><img loading=\"lazy\" decoding=\"async\" class=\"alignnone size-full wp-image-3164\" src=\"http:\/\/szss-nitra.sk\/wp-content\/uploads\/2013\/10\/pdf_mini.png\" alt=\"\" width=\"30\" height=\"30\" srcset=\"http:\/\/szss-nitra.sk\/wp-content\/uploads\/2013\/10\/pdf_mini.png 30w, http:\/\/szss-nitra.sk\/wp-content\/uploads\/2013\/10\/pdf_mini-24x24.png 24w\" sizes=\"auto, (max-width: 30px) 100vw, 30px\" \/> <a href=\"http:\/\/szss-nitra.sk\/wp-content\/uploads\/2021\/09\/IDO-\u00a719-a-20-IS-odborn\u00e1-prax-4.pdf\" target=\"_blank\" rel=\"noopener noreferrer\">IDO \u00a719 a 20 IS odborn\u00e1 prax<\/a><\/p>\n<p><img loading=\"lazy\" decoding=\"async\" class=\"alignnone size-full wp-image-3164\" src=\"http:\/\/szss-nitra.sk\/wp-content\/uploads\/2013\/10\/pdf_mini.png\" alt=\"\" width=\"30\" height=\"30\" srcset=\"http:\/\/szss-nitra.sk\/wp-content\/uploads\/2013\/10\/pdf_mini.png 30w, http:\/\/szss-nitra.sk\/wp-content\/uploads\/2013\/10\/pdf_mini-24x24.png 24w\" sizes=\"auto, (max-width: 30px) 100vw, 30px\" \/> <a href=\"http:\/\/szss-nitra.sk\/wp-content\/uploads\/2021\/09\/IDO-\u00a719-a-20-IS-oznamovanie-protispolo\u010denskej-\u010dinnosti-3.pdf\" target=\"_blank\" rel=\"noopener noreferrer\">IDO \u00a719 a 20 IS oznamovanie protispolo\u010denskej \u010dinnosti<\/a><\/p>\n<p><em><strong>Verejnos\u0165<\/strong><\/em><\/p>\n<p><img loading=\"lazy\" decoding=\"async\" class=\"alignnone size-full wp-image-3164\" src=\"http:\/\/szss-nitra.sk\/wp-content\/uploads\/2013\/10\/pdf_mini.png\" alt=\"\" width=\"30\" height=\"30\" srcset=\"http:\/\/szss-nitra.sk\/wp-content\/uploads\/2013\/10\/pdf_mini.png 30w, http:\/\/szss-nitra.sk\/wp-content\/uploads\/2013\/10\/pdf_mini-24x24.png 24w\" sizes=\"auto, (max-width: 30px) 100vw, 30px\" \/> <a href=\"http:\/\/szss-nitra.sk\/wp-content\/uploads\/2021\/09\/IDO-\u00a719-a-20-IS-kamerov\u00fd-syst\u00e9m-opr\u00e1vnen\u00fd-z\u00e1ujem-4-1.pdf\" target=\"_blank\" rel=\"noopener noreferrer\">IDO \u00a719 a 20 IS kamerov\u00fd syst\u00e9m &#8211; opr\u00e1vnen\u00fd z\u00e1ujem<\/a><\/p>\n<p><img loading=\"lazy\" decoding=\"async\" class=\"alignnone size-full wp-image-3164\" src=\"http:\/\/szss-nitra.sk\/wp-content\/uploads\/2013\/10\/pdf_mini.png\" alt=\"\" width=\"30\" height=\"30\" srcset=\"http:\/\/szss-nitra.sk\/wp-content\/uploads\/2013\/10\/pdf_mini.png 30w, http:\/\/szss-nitra.sk\/wp-content\/uploads\/2013\/10\/pdf_mini-24x24.png 24w\" sizes=\"auto, (max-width: 30px) 100vw, 30px\" \/> <a href=\"http:\/\/szss-nitra.sk\/wp-content\/uploads\/2021\/09\/IDO-\u00a719-a-20-IS-kontrola-vstupu-do-objektu-evidencia-n\u00e1v\u0161tev-5.pdf\" target=\"_blank\" rel=\"noopener noreferrer\">IDO \u00a719 a 20 IS kontrola vstupu do objektu (evidencia n\u00e1v\u0161tev)<\/a><\/p>\n<p><img loading=\"lazy\" decoding=\"async\" class=\"alignnone size-full wp-image-3164\" src=\"http:\/\/szss-nitra.sk\/wp-content\/uploads\/2013\/10\/pdf_mini.png\" alt=\"\" width=\"30\" height=\"30\" srcset=\"http:\/\/szss-nitra.sk\/wp-content\/uploads\/2013\/10\/pdf_mini.png 30w, http:\/\/szss-nitra.sk\/wp-content\/uploads\/2013\/10\/pdf_mini-24x24.png 24w\" sizes=\"auto, (max-width: 30px) 100vw, 30px\" \/> <a href=\"http:\/\/szss-nitra.sk\/wp-content\/uploads\/2021\/09\/IDO-\u00a719-a-20-IS-zverej\u0148ovanie-zml\u00fav-3.pdf\" target=\"_blank\" rel=\"noopener noreferrer\">IDO \u00a719 a 20 IS zverej\u0148ovanie zml\u00fav<\/a><\/p>\n<p><img loading=\"lazy\" decoding=\"async\" class=\"alignnone size-full wp-image-3164\" src=\"http:\/\/szss-nitra.sk\/wp-content\/uploads\/2013\/10\/pdf_mini.png\" alt=\"\" width=\"30\" height=\"30\" srcset=\"http:\/\/szss-nitra.sk\/wp-content\/uploads\/2013\/10\/pdf_mini.png 30w, http:\/\/szss-nitra.sk\/wp-content\/uploads\/2013\/10\/pdf_mini-24x24.png 24w\" sizes=\"auto, (max-width: 30px) 100vw, 30px\" \/> <a href=\"http:\/\/szss-nitra.sk\/wp-content\/uploads\/2021\/09\/IDO-\u00a719-a-20-IS-oznamovanie-protispolo\u010denskej-\u010dinnosti-3-1.pdf\" target=\"_blank\" rel=\"noopener noreferrer\">IDO \u00a719 a 20 IS oznamovanie protispolo\u010denskej \u010dinnosti<\/a><\/p>\n<p><em><strong>Klienti<\/strong><\/em><\/p>\n<p><img loading=\"lazy\" decoding=\"async\" class=\"alignnone size-full wp-image-3164\" src=\"http:\/\/szss-nitra.sk\/wp-content\/uploads\/2013\/10\/pdf_mini.png\" alt=\"\" width=\"30\" height=\"30\" srcset=\"http:\/\/szss-nitra.sk\/wp-content\/uploads\/2013\/10\/pdf_mini.png 30w, http:\/\/szss-nitra.sk\/wp-content\/uploads\/2013\/10\/pdf_mini-24x24.png 24w\" sizes=\"auto, (max-width: 30px) 100vw, 30px\" \/> <a href=\"http:\/\/szss-nitra.sk\/wp-content\/uploads\/2021\/09\/IDO-\u00a719-a-20-IS-evidencia-obchodn\u00fdch-partnerov-2.pdf\" target=\"_blank\" rel=\"noopener noreferrer\">IDO \u00a719 a 20 IS evidencia obchodn\u00fdch partnerov<\/a><\/p>\n<p><img loading=\"lazy\" decoding=\"async\" class=\"alignnone size-full wp-image-3164\" src=\"http:\/\/szss-nitra.sk\/wp-content\/uploads\/2013\/10\/pdf_mini.png\" alt=\"\" width=\"30\" height=\"30\" srcset=\"http:\/\/szss-nitra.sk\/wp-content\/uploads\/2013\/10\/pdf_mini.png 30w, http:\/\/szss-nitra.sk\/wp-content\/uploads\/2013\/10\/pdf_mini-24x24.png 24w\" sizes=\"auto, (max-width: 30px) 100vw, 30px\" \/> <a href=\"http:\/\/szss-nitra.sk\/wp-content\/uploads\/2021\/09\/IDO-\u00a719-a-20-IS-kamerov\u00fd-syst\u00e9m-opr\u00e1vnen\u00fd-z\u00e1ujem-4-2.pdf\" target=\"_blank\" rel=\"noopener noreferrer\">IDO \u00a719 a 20 IS kamerov\u00fd syst\u00e9m &#8211; opr\u00e1vnen\u00fd z\u00e1ujem<\/a><\/p>\n<p><img loading=\"lazy\" decoding=\"async\" class=\"alignnone size-full wp-image-3164\" src=\"http:\/\/szss-nitra.sk\/wp-content\/uploads\/2013\/10\/pdf_mini.png\" alt=\"\" width=\"30\" height=\"30\" srcset=\"http:\/\/szss-nitra.sk\/wp-content\/uploads\/2013\/10\/pdf_mini.png 30w, http:\/\/szss-nitra.sk\/wp-content\/uploads\/2013\/10\/pdf_mini-24x24.png 24w\" sizes=\"auto, (max-width: 30px) 100vw, 30px\" \/> <a href=\"http:\/\/szss-nitra.sk\/wp-content\/uploads\/2021\/09\/IDO-\u00a719-a-20-IS-soci\u00e1lna-agenda-7.pdf\" target=\"_blank\" rel=\"noopener noreferrer\">IDO \u00a719 a 20 IS soci\u00e1lna agenda<\/a><\/p>\n<p><img loading=\"lazy\" decoding=\"async\" class=\"alignnone size-full wp-image-3164\" src=\"http:\/\/szss-nitra.sk\/wp-content\/uploads\/2013\/10\/pdf_mini.png\" alt=\"\" width=\"30\" height=\"30\" srcset=\"http:\/\/szss-nitra.sk\/wp-content\/uploads\/2013\/10\/pdf_mini.png 30w, http:\/\/szss-nitra.sk\/wp-content\/uploads\/2013\/10\/pdf_mini-24x24.png 24w\" sizes=\"auto, (max-width: 30px) 100vw, 30px\" \/> <a href=\"http:\/\/szss-nitra.sk\/wp-content\/uploads\/2021\/09\/IDO-\u00a719-a-20-IS-\u00fa\u010dtovn\u00e9-doklady-faktur\u00e1cia-3.pdf\" target=\"_blank\" rel=\"noopener noreferrer\">IDO \u00a719 a 20 IS \u00fa\u010dtovn\u00e9 doklady (faktur\u00e1cia)<\/a><\/p>\n<p><img loading=\"lazy\" decoding=\"async\" class=\"alignnone size-full wp-image-3164\" src=\"http:\/\/szss-nitra.sk\/wp-content\/uploads\/2013\/10\/pdf_mini.png\" alt=\"\" width=\"30\" height=\"30\" srcset=\"http:\/\/szss-nitra.sk\/wp-content\/uploads\/2013\/10\/pdf_mini.png 30w, http:\/\/szss-nitra.sk\/wp-content\/uploads\/2013\/10\/pdf_mini-24x24.png 24w\" sizes=\"auto, (max-width: 30px) 100vw, 30px\" \/> <a href=\"http:\/\/szss-nitra.sk\/wp-content\/uploads\/2021\/09\/IDO-\u00a719-a-20-IS-oznamovanie-protispolo\u010denskej-\u010dinnosti-3-2.pdf\" target=\"_blank\" rel=\"noopener noreferrer\">IDO \u00a719 a 20 IS oznamovanie protispolo\u010denskej \u010dinnosti <\/a><\/p>\n","protected":false},"excerpt":{"rendered":"<p>Prev\u00e1dzkovate\u013eom sprac\u00favaj\u00facim va\u0161e osobn\u00e9 \u00fadaje je organiz\u00e1cia Spr\u00e1va zariaden\u00ed soci\u00e1lnych slu\u017eieb, Jansk\u00e9ho 680\/7, 949 01 Nitra. \u200bKontaktn\u00e9 \u00fadaje zodpovednej osoby pre doh\u013ead nad sprac\u00favan\u00edm osobn\u00fdch \u00fadajov: e-mail dpo7proenergy.sk Prev\u00e1dzkovate\u013e IS sprac\u00fava osobn\u00e9 \u00fadaje o dotknut\u00fdch osob\u00e1ch v nasleduj\u00facich informa\u010dn\u00fdch syst\u00e9moch: Zamestnanci a uch\u00e1dza\u010di IDO \u00a719 a 20 IS personalistika a mzdy &#8211; uch\u00e1dza\u010di o zamestnanie [&hellip;]<\/p>\n","protected":false},"author":1,"featured_media":0,"parent":0,"menu_order":0,"comment_status":"closed","ping_status":"closed","template":"","meta":{"footnotes":""},"class_list":["post-7207","page","type-page","status-publish","hentry"],"_links":{"self":[{"href":"http:\/\/szss-nitra.sk\/index.php?rest_route=\/wp\/v2\/pages\/7207","targetHints":{"allow":["GET"]}}],"collection":[{"href":"http:\/\/szss-nitra.sk\/index.php?rest_route=\/wp\/v2\/pages"}],"about":[{"href":"http:\/\/szss-nitra.sk\/index.php?rest_route=\/wp\/v2\/types\/page"}],"author":[{"embeddable":true,"href":"http:\/\/szss-nitra.sk\/index.php?rest_route=\/wp\/v2\/users\/1"}],"replies":[{"embeddable":true,"href":"http:\/\/szss-nitra.sk\/index.php?rest_route=%2Fwp%2Fv2%2Fcomments&post=7207"}],"version-history":[{"count":5,"href":"http:\/\/szss-nitra.sk\/index.php?rest_route=\/wp\/v2\/pages\/7207\/revisions"}],"predecessor-version":[{"id":9058,"href":"http:\/\/szss-nitra.sk\/index.php?rest_route=\/wp\/v2\/pages\/7207\/revisions\/9058"}],"wp:attachment":[{"href":"http:\/\/szss-nitra.sk\/index.php?rest_route=%2Fwp%2Fv2%2Fmedia&parent=7207"}],"curies":[{"name":"wp","href":"https:\/\/api.w.org\/{rel}","templated":true}]}}