{"id":5915,"date":"2020-11-12T10:10:26","date_gmt":"2020-11-12T08:10:26","guid":{"rendered":"http:\/\/szss-nitra.sk\/?page_id=5915"},"modified":"2026-02-27T18:54:22","modified_gmt":"2026-02-27T16:54:22","slug":"eon","status":"publish","type":"page","link":"http:\/\/szss-nitra.sk\/?page_id=5915","title":{"rendered":"EON"},"content":{"rendered":"<p style=\"text-align: justify;\">V zmysle \u00a777 ods. 3 Z\u00e1kona \u010d. 448\/2008 Z.z. o soci\u00e1lnych slu\u017eb\u00e1ch v znen\u00ed neskor\u0161\u00edch predpisov obec a vy\u0161\u0161\u00ed \u00fazemn\u00fd celok zis\u0165uj\u00fa priemern\u00e9 be\u017en\u00e9 v\u00fddavky, priemern\u00e9 pr\u00edjmy z poskytnut\u00e9ho finan\u010dn\u00e9ho pr\u00edspevku pod\u013ea \u00a7 71 ods. 6 a priemern\u00e9 skuto\u010dne dosiahnut\u00e9 pr\u00edjmy z platenia \u00fahrady za soci\u00e1lnu slu\u017ebu poskytovan\u00fa v p\u00f4sobnosti obce alebo vy\u0161\u0161ieho \u00fazemn\u00e9ho celku za predch\u00e1dzaj\u00faci rozpo\u010dtov\u00fd rok, v \u010dlenen\u00ed pod\u013ea jednotliv\u00fdch druhov poskytovan\u00fdch soci\u00e1lnych slu\u017eieb, a ak ide o soci\u00e1lne slu\u017eby poskytovan\u00e9 v zariaden\u00ed, aj pod\u013ea formy soci\u00e1lnej slu\u017eby a kapacity zariadenia pod\u013ea registra, v prepo\u010dte na prij\u00edmate\u013ea soci\u00e1lnej slu\u017eby, na hodinu soci\u00e1lneho poradenstva, na hodinu soci\u00e1lnej rehabilit\u00e1cie, na hodinu slu\u017eby v\u010dasnej intervencie, na hodinu opatrovate\u013eskej slu\u017eby, na kilometer prepravnej slu\u017eby, na hodinu sprievodcovskej slu\u017eby a pred\u010ditate\u013eskej slu\u017eby, na hodinu tlmo\u010denia alebo na in\u00fa jednotku v\u00fdkonu.<\/p>\n<p style=\"text-align: center;\"><a href=\"http:\/\/szss-nitra.sk\/wp-content\/uploads\/2026\/02\/Priemerne-bezne-vydavky-SZSS-rok-2025_op-scaled.jpg\"><img loading=\"lazy\" decoding=\"async\" class=\"alignnone size-full wp-image-16017\" src=\"http:\/\/szss-nitra.sk\/wp-content\/uploads\/2026\/02\/Priemerne-bezne-vydavky-SZSS-rok-2025_op-scaled.jpg\" alt=\"\" width=\"2560\" height=\"1788\" srcset=\"http:\/\/szss-nitra.sk\/wp-content\/uploads\/2026\/02\/Priemerne-bezne-vydavky-SZSS-rok-2025_op-scaled.jpg 2560w, http:\/\/szss-nitra.sk\/wp-content\/uploads\/2026\/02\/Priemerne-bezne-vydavky-SZSS-rok-2025_op-300x209.jpg 300w, http:\/\/szss-nitra.sk\/wp-content\/uploads\/2026\/02\/Priemerne-bezne-vydavky-SZSS-rok-2025_op-1024x715.jpg 1024w, http:\/\/szss-nitra.sk\/wp-content\/uploads\/2026\/02\/Priemerne-bezne-vydavky-SZSS-rok-2025_op-768x536.jpg 768w, http:\/\/szss-nitra.sk\/wp-content\/uploads\/2026\/02\/Priemerne-bezne-vydavky-SZSS-rok-2025_op-1536x1073.jpg 1536w, http:\/\/szss-nitra.sk\/wp-content\/uploads\/2026\/02\/Priemerne-bezne-vydavky-SZSS-rok-2025_op-2048x1430.jpg 2048w\" sizes=\"auto, (max-width: 2560px) 100vw, 2560px\" \/><\/a><\/p>\n<p style=\"text-align: center;\"><img loading=\"lazy\" decoding=\"async\" class=\"alignnone wp-image-3164 size-full\" src=\"http:\/\/szss-nitra.sk\/wp-content\/uploads\/2013\/10\/pdf_mini.png\" alt=\"\" width=\"30\" height=\"30\" srcset=\"http:\/\/szss-nitra.sk\/wp-content\/uploads\/2013\/10\/pdf_mini.png 30w, http:\/\/szss-nitra.sk\/wp-content\/uploads\/2013\/10\/pdf_mini-24x24.png 24w\" sizes=\"auto, (max-width: 30px) 100vw, 30px\" \/> <a href=\"http:\/\/szss-nitra.sk\/wp-content\/uploads\/2026\/02\/Priemerne-bezne-vydavky-SZSS-rok-2025_op.pdf\" target=\"_blank\" rel=\"noopener noreferrer\">Ekonomicky opr\u00e1vnen\u00e9 n\u00e1klady za rok 2025<\/a><\/p>\n<p style=\"text-align: center;\"><img loading=\"lazy\" decoding=\"async\" class=\"alignnone wp-image-3164 size-full\" src=\"http:\/\/szss-nitra.sk\/wp-content\/uploads\/2013\/10\/pdf_mini.png\" alt=\"\" width=\"30\" height=\"30\" srcset=\"http:\/\/szss-nitra.sk\/wp-content\/uploads\/2013\/10\/pdf_mini.png 30w, http:\/\/szss-nitra.sk\/wp-content\/uploads\/2013\/10\/pdf_mini-24x24.png 24w\" sizes=\"auto, (max-width: 30px) 100vw, 30px\" \/> <a href=\"http:\/\/szss-nitra.sk\/wp-content\/uploads\/2025\/02\/Priemerne-bezne-vydavky-Mesto-Nitra-rok-2024_na-web.pdf\" target=\"_blank\" rel=\"noopener noreferrer\">Ekonomicky opr\u00e1vnen\u00e9 n\u00e1klady za rok 2024<\/a><\/p>\n<p style=\"text-align: center;\"><img loading=\"lazy\" decoding=\"async\" class=\"alignnone wp-image-3164 size-full\" src=\"http:\/\/szss-nitra.sk\/wp-content\/uploads\/2013\/10\/pdf_mini.png\" alt=\"\" width=\"30\" height=\"30\" srcset=\"http:\/\/szss-nitra.sk\/wp-content\/uploads\/2013\/10\/pdf_mini.png 30w, http:\/\/szss-nitra.sk\/wp-content\/uploads\/2013\/10\/pdf_mini-24x24.png 24w\" sizes=\"auto, (max-width: 30px) 100vw, 30px\" \/> <a href=\"http:\/\/szss-nitra.sk\/wp-content\/uploads\/2024\/03\/Priemerne-bezne-vydavky-Mesto-Nitra-rok-2023_na-web_SZSS-1.pdf\" target=\"_blank\" rel=\"noopener noreferrer\">Ekonomicky opr\u00e1vnen\u00e9 n\u00e1klady za rok 2023<\/a><\/p>\n<p style=\"text-align: center;\"><img loading=\"lazy\" decoding=\"async\" class=\"alignnone wp-image-3164 size-full\" src=\"http:\/\/szss-nitra.sk\/wp-content\/uploads\/2013\/10\/pdf_mini.png\" alt=\"\" width=\"30\" height=\"30\" srcset=\"http:\/\/szss-nitra.sk\/wp-content\/uploads\/2013\/10\/pdf_mini.png 30w, http:\/\/szss-nitra.sk\/wp-content\/uploads\/2013\/10\/pdf_mini-24x24.png 24w\" sizes=\"auto, (max-width: 30px) 100vw, 30px\" \/> <a href=\"http:\/\/szss-nitra.sk\/wp-content\/uploads\/2023\/03\/Priemerne-bezne-vydavky-a-prijmy-za-socialne-sluzby-_2022_SZSS_web.pdf\" target=\"_blank\" rel=\"noopener noreferrer\">Ekonomicky opr\u00e1vnen\u00e9 n\u00e1klady za rok 2022<\/a><\/p>\n<p style=\"text-align: center;\"><img loading=\"lazy\" decoding=\"async\" class=\"alignnone wp-image-3164 size-full\" src=\"http:\/\/szss-nitra.sk\/wp-content\/uploads\/2013\/10\/pdf_mini.png\" alt=\"\" width=\"30\" height=\"30\" srcset=\"http:\/\/szss-nitra.sk\/wp-content\/uploads\/2013\/10\/pdf_mini.png 30w, http:\/\/szss-nitra.sk\/wp-content\/uploads\/2013\/10\/pdf_mini-24x24.png 24w\" sizes=\"auto, (max-width: 30px) 100vw, 30px\" \/> <a href=\"http:\/\/szss-nitra.sk\/wp-content\/uploads\/2022\/03\/ekonomicky-opravnene-naklady-2021_b.pdf\" target=\"_blank\" rel=\"noopener noreferrer\">Ekonomicky opr\u00e1vnen\u00e9 n\u00e1klady za rok 2021<\/a><\/p>\n<p style=\"text-align: center;\"><img loading=\"lazy\" decoding=\"async\" class=\"alignnone wp-image-3164 size-full\" src=\"http:\/\/szss-nitra.sk\/wp-content\/uploads\/2013\/10\/pdf_mini.png\" alt=\"\" width=\"30\" height=\"30\" srcset=\"http:\/\/szss-nitra.sk\/wp-content\/uploads\/2013\/10\/pdf_mini.png 30w, http:\/\/szss-nitra.sk\/wp-content\/uploads\/2013\/10\/pdf_mini-24x24.png 24w\" sizes=\"auto, (max-width: 30px) 100vw, 30px\" \/> <a href=\"http:\/\/szss-nitra.sk\/wp-content\/uploads\/2023\/03\/EON-2020.pdf\" target=\"_blank\" rel=\"noopener noreferrer\">Ekonomicky opr\u00e1vnen\u00e9 n\u00e1klady za rok 2020<\/a><\/p>\n<p style=\"text-align: center;\"><img loading=\"lazy\" decoding=\"async\" class=\"alignnone wp-image-3164 size-full\" src=\"http:\/\/szss-nitra.sk\/wp-content\/uploads\/2013\/10\/pdf_mini.png\" alt=\"\" width=\"30\" height=\"30\" srcset=\"http:\/\/szss-nitra.sk\/wp-content\/uploads\/2013\/10\/pdf_mini.png 30w, http:\/\/szss-nitra.sk\/wp-content\/uploads\/2013\/10\/pdf_mini-24x24.png 24w\" sizes=\"auto, (max-width: 30px) 100vw, 30px\" \/> <a href=\"http:\/\/szss-nitra.sk\/wp-content\/uploads\/2020\/11\/Ekonomicky-opravnene-naklady-na-prevadzku-poskytovanych-socialnych-sluzieb-Mestom-Nitra-v-roku-2019.pdf\" target=\"_blank\" rel=\"noopener noreferrer\">Ekonomicky opr\u00e1vnen\u00e9 n\u00e1klady za rok 2019<\/a><\/p>\n<p style=\"text-align: center;\"><img loading=\"lazy\" decoding=\"async\" class=\"alignnone wp-image-3164 size-full\" src=\"http:\/\/szss-nitra.sk\/wp-content\/uploads\/2013\/10\/pdf_mini.png\" alt=\"\" width=\"30\" height=\"30\" srcset=\"http:\/\/szss-nitra.sk\/wp-content\/uploads\/2013\/10\/pdf_mini.png 30w, http:\/\/szss-nitra.sk\/wp-content\/uploads\/2013\/10\/pdf_mini-24x24.png 24w\" sizes=\"auto, (max-width: 30px) 100vw, 30px\" \/> <a href=\"http:\/\/szss-nitra.sk\/wp-content\/uploads\/2020\/11\/Ekonomicky-opravnene-naklady-na-prevadzku-poskytovanych-socialnych-sluzieb-Mestom-Nitra-v-roku-2018.pdf\" target=\"_blank\" rel=\"noopener noreferrer\">Ekonomicky opr\u00e1vnen\u00e9 n\u00e1klady za rok 2018<\/a><\/p>\n","protected":false},"excerpt":{"rendered":"<p>V zmysle \u00a777 ods. 3 Z\u00e1kona \u010d. 448\/2008 Z.z. o soci\u00e1lnych slu\u017eb\u00e1ch v znen\u00ed neskor\u0161\u00edch predpisov obec a vy\u0161\u0161\u00ed \u00fazemn\u00fd celok zis\u0165uj\u00fa priemern\u00e9 be\u017en\u00e9 v\u00fddavky, priemern\u00e9 pr\u00edjmy z poskytnut\u00e9ho finan\u010dn\u00e9ho pr\u00edspevku pod\u013ea \u00a7 71 ods. 6 a priemern\u00e9 skuto\u010dne dosiahnut\u00e9 pr\u00edjmy z platenia \u00fahrady za soci\u00e1lnu slu\u017ebu poskytovan\u00fa v p\u00f4sobnosti obce alebo vy\u0161\u0161ieho \u00fazemn\u00e9ho celku [&hellip;]<\/p>\n","protected":false},"author":1,"featured_media":0,"parent":0,"menu_order":0,"comment_status":"closed","ping_status":"closed","template":"","meta":{"footnotes":""},"class_list":["post-5915","page","type-page","status-publish","hentry"],"_links":{"self":[{"href":"http:\/\/szss-nitra.sk\/index.php?rest_route=\/wp\/v2\/pages\/5915","targetHints":{"allow":["GET"]}}],"collection":[{"href":"http:\/\/szss-nitra.sk\/index.php?rest_route=\/wp\/v2\/pages"}],"about":[{"href":"http:\/\/szss-nitra.sk\/index.php?rest_route=\/wp\/v2\/types\/page"}],"author":[{"embeddable":true,"href":"http:\/\/szss-nitra.sk\/index.php?rest_route=\/wp\/v2\/users\/1"}],"replies":[{"embeddable":true,"href":"http:\/\/szss-nitra.sk\/index.php?rest_route=%2Fwp%2Fv2%2Fcomments&post=5915"}],"version-history":[{"count":19,"href":"http:\/\/szss-nitra.sk\/index.php?rest_route=\/wp\/v2\/pages\/5915\/revisions"}],"predecessor-version":[{"id":16019,"href":"http:\/\/szss-nitra.sk\/index.php?rest_route=\/wp\/v2\/pages\/5915\/revisions\/16019"}],"wp:attachment":[{"href":"http:\/\/szss-nitra.sk\/index.php?rest_route=%2Fwp%2Fv2%2Fmedia&parent=5915"}],"curies":[{"name":"wp","href":"https:\/\/api.w.org\/{rel}","templated":true}]}}