{"id":4059,"date":"2018-05-21T14:37:42","date_gmt":"2018-05-21T12:37:42","guid":{"rendered":"http:\/\/szss-nitra.sk\/?page_id=4059"},"modified":"2026-01-16T11:56:01","modified_gmt":"2026-01-16T09:56:01","slug":"zariadenie-opatrovatelskej-sluzby-3","status":"publish","type":"page","link":"http:\/\/szss-nitra.sk\/?page_id=4059","title":{"rendered":"Zariadenie opatrovate\u013eskej slu\u017eby"},"content":{"rendered":"<table style=\"border: none;\">\n<tbody>\n<tr>\n<td style=\"width: 30%; vertical-align: top;\"><a href=\"http:\/\/szss-nitra.sk\/?page_id=12422\">Poslanie, hodnoty a v\u00edzia<\/a><\/p>\n<p><a href=\"http:\/\/szss-nitra.sk\/?page_id=4058\">Kontakt<\/a><\/p>\n<p><strong><a href=\"http:\/\/szss-nitra.sk\/?page_id=4059\">Ako vybavi\u0165<\/a><\/strong><\/p>\n<p><a href=\"http:\/\/szss-nitra.sk\/?page_id=4060\">Poskytovan\u00e9 slu\u017eby<\/a><\/p>\n<p><a href=\"http:\/\/szss-nitra.sk\/?page_id=12424\">Komu nemo\u017eno poskytova\u0165<\/a><\/p>\n<p><a href=\"http:\/\/szss-nitra.sk\/?page_id=4062\">Legislat\u00edva<\/a><\/p>\n<p><a href=\"http:\/\/szss-nitra.sk\/?page_id=4061\">Cenn\u00edk<\/a><\/p>\n<p><a href=\"http:\/\/szss-nitra.sk\/?page_id=4063\">Evidencia \u017eiadate\u013eov<\/a><\/p>\n<p><a href=\"http:\/\/szss-nitra.sk\/?page_id=4064\">Fotogal\u00e9ria<\/a><\/p>\n<p><a href=\"http:\/\/szss-nitra.sk\/?page_id=12430\">Z\u00e1ujmov\u00e1 \u010dinnos\u0165<\/a><\/p>\n<p><a href=\"http:\/\/szss-nitra.sk\/?page_id=6511\">Jed\u00e1lny l\u00edstok<\/a><\/p>\n<p><img loading=\"lazy\" decoding=\"async\" class=\"alignnone wp-image-10981 size-full\" src=\"http:\/\/szss-nitra.sk\/wp-content\/uploads\/2024\/02\/menu_ico_ZOS.png\" alt=\"\" width=\"150\" height=\"150\" \/><\/td>\n<td><span style=\"color: #ffffff;\">.<\/span><\/td>\n<td style=\"vertical-align: top; text-align: justify;\">\n<ul>\n<li style=\"list-style-type: none;\">\n<ul>\n<li>Poda\u0165 p\u00edsomn\u00fa \u017eiados\u0165 o integrovan\u00fd posudok prostredn\u00edctvom pr\u00edslu\u0161n\u00e9ho \u00daradu pr\u00e1ce, soci\u00e1lnych vec\u00ed a rodiny od <strong>01.09.2025<\/strong>.<\/li>\n<li>Po vydan\u00ed integrovan\u00e9ho posudku, kontaktova\u0165 priamo Zariadenie pre seniorov, ktor\u00e9 na z\u00e1klade splnenia vy\u0161\u0161ie uveden\u00fdch podmienok vyd\u00e1 \u017eiadate\u013eovi (pr\u00edpadne rodinn\u00e9mu pr\u00edslu\u0161n\u00edkovi) doklady, ktor\u00e9 s\u00fa potrebn\u00e9 ku kompletiz\u00e1cii \u017diadosti o uzatvorenie zmluvy o poskytovan\u00ed soci\u00e1lnej slu\u017eby. Kompletne odovzdan\u00e1 \u017eiados\u0165 sa zaeviduje a n\u00e1sledne sa zarad\u00ed do evidencie \u017eiadate\u013eov o umiestnenie.<\/li>\n<li>V pr\u00edpade vo\u013en\u00e9ho miesta, je \u017eiadate\u013e informovan\u00fd o mo\u017enom n\u00e1stupe. N\u00e1sledne s n\u00edm bude uzatvoren\u00e1 Zmluva o poskytovan\u00ed soci\u00e1lnej slu\u017eby a soci\u00e1lna slu\u017eba sa za\u010dne poskytova\u0165.<\/li>\n<li>Umiestnenie je na dobu ur\u010dit\u00fa.<\/li>\n<\/ul>\n<\/li>\n<\/ul>\n<p><em>Doklady potrebn\u00e9 k uzatvoreniu zmluvy:<\/em><\/p>\n<ul>\n<li style=\"list-style-type: none;\">\n<ul>\n<li><strong>Posudok a pr\u00e1voplatn\u00e9 Rozhodnutie<\/strong> o odk\u00e1zanosti na soci\u00e1lnu slu\u017ebu v zariaden\u00ed opatrovate\u013eskej slu\u017eby vydan\u00fd pr\u00edslu\u0161n\u00fdm mestsk\u00fdm\/obecn\u00fdm \u00faradom pod\u013ea trval\u00e9ho bydliska \u017eiadate\u013ea vydan\u00fdm <strong>do 31.08.2025<\/strong> alebo <strong>od 01.09.2025 <a href=\"https:\/\/www.upsvr.gov.sk\/vzory-ziadosti-v-slovenskom-jazyku-a-inych-jazykoch\/vzory-ziadosti-pre-oblast-socialnych-veci-a-rodiny\/tazko-zdravotne-postihnuti.html?page_id=268769\" target=\"_blank\" rel=\"noopener\">integrovan\u00fd posudok<\/a><\/strong> vydan\u00fd prostredn\u00edctvom \u00daradu pr\u00e1ce soci\u00e1lnych vec\u00ed a rodiny, v ktorom je odk\u00e1zan\u00fd na soci\u00e1lnu slu\u017ebu v zariaden\u00ed opatrovate\u013eskej slu\u017eby,<\/li>\n<li>potvrdenie o pr\u00edjme za predch\u00e1dzaj\u00faci kalend\u00e1rny rok (potvrdenie o poberan\u00ed d\u00f4chodku \u2013 vyd\u00e1va Soci\u00e1lna pois\u0165ov\u0148a), v pr\u00edpade man\u017eelov sa dokladuj\u00fa pr\u00edjmy oboch (aj ke\u010f sa \u017eiada o umiestnenie iba jedn\u00e9ho),<\/li>\n<li>potvrdenie o aktu\u00e1lnom pr\u00edjme (potvrdenie vyd\u00e1va Soci\u00e1lna pois\u0165ov\u0148a) pr\u00edpadne posledn\u00fd v\u00fdmer vydan\u00fd Soci\u00e1lnou pois\u0165ov\u0148ou. V pr\u00edpade man\u017eelov sa dokladuj\u00fa pr\u00edjmy oboch (aj ke\u010f sa \u017eiada o umiestnenie iba jedn\u00e9ho),<\/li>\n<li>doklady o majetkov\u00fdch pomeroch (na tla\u010dive poskytovate\u013ea), podpis mus\u00ed by\u0165 \u00faradne overen\u00fd,<\/li>\n<li>potvrdenie o\u0161etruj\u00faceho lek\u00e1ra o bezinfek\u010dnosti (predklad\u00e1 sa pri n\u00e1stupe do zariadenia a nesmie by\u0165 star\u0161ie ako 3 dni),<\/li>\n<li>doklad o pozbaven\u00ed sp\u00f4sobilosti na pr\u00e1vne \u00fakony (ak bol \u017eiadate\u013e s\u00fadom zbaven\u00fd sp\u00f4sobilosti na pr\u00e1vne \u00fakony a m\u00e1 stanoven\u00e9ho opatrovn\u00edka).<\/li>\n<\/ul>\n<\/li>\n<\/ul>\n<p style=\"text-align: center;\"><strong><img loading=\"lazy\" decoding=\"async\" class=\"alignnone wp-image-1223 size-full\" src=\"http:\/\/szss-nitra.sk\/wp-content\/uploads\/2015\/08\/pdf1-e1633068834887.png\" alt=\"\" width=\"37\" height=\"37\" \/> <a href=\"http:\/\/szss-nitra.sk\/wp-content\/uploads\/2026\/01\/Doklady-k-uzatvoreniu-zmluvy-7-11.pdf\" target=\"_blank\" rel=\"noopener\">Doklady k uzatvoreniu zmluvy<\/a><\/strong><\/p>\n<\/td>\n<\/tr>\n<\/tbody>\n<\/table>\n","protected":false},"excerpt":{"rendered":"<p>Poslanie, hodnoty a v\u00edzia Kontakt Ako vybavi\u0165 Poskytovan\u00e9 slu\u017eby Komu nemo\u017eno poskytova\u0165 Legislat\u00edva Cenn\u00edk Evidencia \u017eiadate\u013eov Fotogal\u00e9ria Z\u00e1ujmov\u00e1 \u010dinnos\u0165 Jed\u00e1lny l\u00edstok . Poda\u0165 p\u00edsomn\u00fa \u017eiados\u0165 o integrovan\u00fd posudok prostredn\u00edctvom pr\u00edslu\u0161n\u00e9ho \u00daradu pr\u00e1ce, soci\u00e1lnych vec\u00ed a rodiny od 01.09.2025. Po vydan\u00ed integrovan\u00e9ho posudku, kontaktova\u0165 priamo Zariadenie pre seniorov, ktor\u00e9 na z\u00e1klade splnenia vy\u0161\u0161ie uveden\u00fdch podmienok vyd\u00e1 [&hellip;]<\/p>\n","protected":false},"author":1,"featured_media":0,"parent":4057,"menu_order":0,"comment_status":"closed","ping_status":"closed","template":"","meta":{"footnotes":""},"class_list":["post-4059","page","type-page","status-publish","hentry"],"_links":{"self":[{"href":"http:\/\/szss-nitra.sk\/index.php?rest_route=\/wp\/v2\/pages\/4059","targetHints":{"allow":["GET"]}}],"collection":[{"href":"http:\/\/szss-nitra.sk\/index.php?rest_route=\/wp\/v2\/pages"}],"about":[{"href":"http:\/\/szss-nitra.sk\/index.php?rest_route=\/wp\/v2\/types\/page"}],"author":[{"embeddable":true,"href":"http:\/\/szss-nitra.sk\/index.php?rest_route=\/wp\/v2\/users\/1"}],"replies":[{"embeddable":true,"href":"http:\/\/szss-nitra.sk\/index.php?rest_route=%2Fwp%2Fv2%2Fcomments&post=4059"}],"version-history":[{"count":25,"href":"http:\/\/szss-nitra.sk\/index.php?rest_route=\/wp\/v2\/pages\/4059\/revisions"}],"predecessor-version":[{"id":15812,"href":"http:\/\/szss-nitra.sk\/index.php?rest_route=\/wp\/v2\/pages\/4059\/revisions\/15812"}],"up":[{"embeddable":true,"href":"http:\/\/szss-nitra.sk\/index.php?rest_route=\/wp\/v2\/pages\/4057"}],"wp:attachment":[{"href":"http:\/\/szss-nitra.sk\/index.php?rest_route=%2Fwp%2Fv2%2Fmedia&parent=4059"}],"curies":[{"name":"wp","href":"https:\/\/api.w.org\/{rel}","templated":true}]}}