{"id":3467,"date":"2017-07-05T21:09:26","date_gmt":"2017-07-05T19:09:26","guid":{"rendered":"http:\/\/szss-nitra.sk\/?page_id=3467"},"modified":"2026-01-19T09:31:02","modified_gmt":"2026-01-19T07:31:02","slug":"denne-centrum-6","status":"publish","type":"page","link":"http:\/\/szss-nitra.sk\/?page_id=3467","title":{"rendered":"Denn\u00e9 centrum"},"content":{"rendered":"<table style=\"border: none;\">\n<tbody>\n<tr>\n<td style=\"width: 30%; vertical-align: top;\"><a href=\"http:\/\/szss-nitra.sk\/?page_id=11958\">Poslanie, hodnoty a v\u00edzia<\/a><a href=\"http:\/\/szss-nitra.sk\/?page_id=3460\">Zameranie a obsah slu\u017eby<\/a><a href=\"http:\/\/szss-nitra.sk\/?page_id=3461\">Ako vybavi\u0165<\/a><a href=\"http:\/\/szss-nitra.sk\/?page_id=3462\">\u010cas poskytovania slu\u017eby<\/a><\/p>\n<p><a href=\"http:\/\/szss-nitra.sk\/?page_id=3465\">Zabezpe\u010denie kvality<\/a><\/p>\n<p><a href=\"http:\/\/szss-nitra.sk\/?page_id=3463\">Legislat\u00edva<\/a><\/p>\n<p><a href=\"http:\/\/szss-nitra.sk\/?page_id=3464\">Cenn\u00edk<\/a><\/p>\n<p><a href=\"http:\/\/szss-nitra.sk\/?page_id=3466\">Kontakt<\/a><\/p>\n<p><strong><a href=\"http:\/\/szss-nitra.sk\/?page_id=3467\">Podujatia a \u010dinnosti<\/a><\/strong><\/p>\n<p><a href=\"http:\/\/szss-nitra.sk\/?page_id=3468\">Fotogal\u00e9ria<\/a><\/p>\n<p><img loading=\"lazy\" decoding=\"async\" class=\"alignnone size-full wp-image-11087\" src=\"http:\/\/szss-nitra.sk\/wp-content\/uploads\/2025\/08\/DC_mini.png\" alt=\"\" width=\"150\" height=\"150\" \/><\/td>\n<td><span style=\"color: #ffffff;\">.<\/span><\/td>\n<td style=\"vertical-align: top; text-align: jusify;\">\n<p style=\"text-align: justify;\">V denn\u00fdch centr\u00e1ch sa usporad\u00favaj\u00fa:<\/p>\n<ul>\n<li style=\"text-align: justify;\">tane\u010dn\u00e9 z\u00e1bavy<\/li>\n<li style=\"text-align: justify;\">tematick\u00e9 ve\u010dierky a posedenia<\/li>\n<li style=\"text-align: justify;\">n\u00e1v\u0161tevy kult\u00farnych podujat\u00ed<\/li>\n<li style=\"text-align: justify;\">predn\u00e1\u0161ky a besedy<\/li>\n<li>sez\u00f3nne aktivity<\/li>\n<\/ul>\n<h5 style=\"text-align: justify;\"><em>Preh\u013ead aktiv\u00edt denn\u00fdch centier:<\/em><br \/>\n<img loading=\"lazy\" decoding=\"async\" class=\"alignnone size-full wp-image-11770\" src=\"http:\/\/szss-nitra.sk\/wp-content\/uploads\/2024\/02\/sipka_mini2.png\" alt=\"\" width=\"40\" height=\"25\" \/> <a href=\"http:\/\/szss-nitra.sk\/?cat=13\">http:\/\/szss-nitra.sk\/denn\u00e9_centrum_Bani\u010dova<\/a><br \/>\n<img loading=\"lazy\" decoding=\"async\" class=\"alignnone size-full wp-image-11770\" src=\"http:\/\/szss-nitra.sk\/wp-content\/uploads\/2024\/02\/sipka_mini2.png\" alt=\"\" width=\"40\" height=\"25\" \/> <a href=\"http:\/\/szss-nitra.sk\/?cat=37\">http:\/\/szss-nitra.sk\/denn\u00e9_centrum_Olympia<\/a><\/h5>\n<p><em>Spr\u00e1va o \u010dinnosti &#8211; denn\u00e9 centrum Bani\u010dova<\/em><br \/>\n<a href=\"http:\/\/szss-nitra.sk\/wp-content\/uploads\/2026\/01\/sprava-o-cinnosti-DC-Banicova-2.-polrok-2025.pdf\" target=\"_blank\" rel=\"noopener\">Spr\u00e1va o \u010dinnosti 2. polrok 2025 &#8211; DC Bani\u010dova<\/a><br \/>\n<a href=\"http:\/\/szss-nitra.sk\/wp-content\/uploads\/2024\/07\/Sprava-o-cinnosti-1.-polrok-2024-DC-Banicova.pdf\" target=\"_blank\" rel=\"noopener\">Spr\u00e1va o \u010dinnosti 1. polrok 2024 &#8211; DC Bani\u010dova<\/a><br \/>\n<a href=\"http:\/\/szss-nitra.sk\/wp-content\/uploads\/2024\/01\/Prehlad-cinnosti-DC-Banicova-2-2023.pdf\" target=\"_blank\" rel=\"noopener\">Spr\u00e1va o \u010dinnosti 2. polrok 2023 &#8211; DC Bani\u010dova<\/a><\/p>\n<p><em>Spr\u00e1va o \u010dinnosti &#8211; denn\u00e9 centrum Olympia<\/em><br \/>\n<a href=\"http:\/\/szss-nitra.sk\/wp-content\/uploads\/2026\/01\/Sprava-o-cinnosti-DC-Olympia-za-druhy-polrok-2025.pdf\" target=\"_blank\" rel=\"noopener\" data-wplink-edit=\"true\">Spr\u00e1va o \u010dinnosti 2. polrok 2025 &#8211; DC Olympia<\/a><br \/>\n<a href=\"http:\/\/szss-nitra.sk\/wp-content\/uploads\/2024\/07\/Sprava-o-cinnosti-1-2024-DC-Olympia.pdf\" target=\"_blank\" rel=\"noopener\">Spr\u00e1va o \u010dinnosti 1. polrok 2024 &#8211; DC Olympia<\/a><br \/>\n<a href=\"http:\/\/szss-nitra.sk\/wp-content\/uploads\/2024\/01\/Prehlad-cinnosti-v-Dennom-centre-Olympia-2-2023.pdf\" target=\"_blank\" rel=\"noopener\">Spr\u00e1va o \u010dinnosti 2. polrok 2023 &#8211; DC Olympia<\/a><\/td>\n<\/tr>\n<\/tbody>\n<\/table>\n","protected":false},"excerpt":{"rendered":"<p>Poslanie, hodnoty a v\u00edziaZameranie a obsah slu\u017ebyAko vybavi\u0165\u010cas poskytovania slu\u017eby Zabezpe\u010denie kvality Legislat\u00edva Cenn\u00edk Kontakt Podujatia a \u010dinnosti Fotogal\u00e9ria . V denn\u00fdch centr\u00e1ch sa usporad\u00favaj\u00fa: tane\u010dn\u00e9 z\u00e1bavy tematick\u00e9 ve\u010dierky a posedenia n\u00e1v\u0161tevy kult\u00farnych podujat\u00ed predn\u00e1\u0161ky a besedy sez\u00f3nne aktivity Preh\u013ead aktiv\u00edt denn\u00fdch centier: http:\/\/szss-nitra.sk\/denn\u00e9_centrum_Bani\u010dova http:\/\/szss-nitra.sk\/denn\u00e9_centrum_Olympia Spr\u00e1va o \u010dinnosti &#8211; denn\u00e9 centrum Bani\u010dova Spr\u00e1va o \u010dinnosti [&hellip;]<\/p>\n","protected":false},"author":1,"featured_media":0,"parent":3456,"menu_order":0,"comment_status":"closed","ping_status":"closed","template":"","meta":{"footnotes":""},"class_list":["post-3467","page","type-page","status-publish","hentry"],"_links":{"self":[{"href":"http:\/\/szss-nitra.sk\/index.php?rest_route=\/wp\/v2\/pages\/3467","targetHints":{"allow":["GET"]}}],"collection":[{"href":"http:\/\/szss-nitra.sk\/index.php?rest_route=\/wp\/v2\/pages"}],"about":[{"href":"http:\/\/szss-nitra.sk\/index.php?rest_route=\/wp\/v2\/types\/page"}],"author":[{"embeddable":true,"href":"http:\/\/szss-nitra.sk\/index.php?rest_route=\/wp\/v2\/users\/1"}],"replies":[{"embeddable":true,"href":"http:\/\/szss-nitra.sk\/index.php?rest_route=%2Fwp%2Fv2%2Fcomments&post=3467"}],"version-history":[{"count":23,"href":"http:\/\/szss-nitra.sk\/index.php?rest_route=\/wp\/v2\/pages\/3467\/revisions"}],"predecessor-version":[{"id":15827,"href":"http:\/\/szss-nitra.sk\/index.php?rest_route=\/wp\/v2\/pages\/3467\/revisions\/15827"}],"up":[{"embeddable":true,"href":"http:\/\/szss-nitra.sk\/index.php?rest_route=\/wp\/v2\/pages\/3456"}],"wp:attachment":[{"href":"http:\/\/szss-nitra.sk\/index.php?rest_route=%2Fwp%2Fv2%2Fmedia&parent=3467"}],"curies":[{"name":"wp","href":"https:\/\/api.w.org\/{rel}","templated":true}]}}