{"id":3327,"date":"2017-06-29T23:25:10","date_gmt":"2017-06-29T21:25:10","guid":{"rendered":"http:\/\/szss-nitra.sk\/?page_id=3327"},"modified":"2025-07-04T14:14:36","modified_gmt":"2025-07-04T12:14:36","slug":"prepravna-sluzba-2","status":"publish","type":"page","link":"http:\/\/szss-nitra.sk\/?page_id=3327","title":{"rendered":"Prepravn\u00e1 slu\u017eba"},"content":{"rendered":"<table style=\"border: none;\">\n<tbody>\n<tr>\n<td style=\"width: 30%; vertical-align: top;\"><a href=\"http:\/\/szss-nitra.sk\/?page_id=3325\">Komu je ur\u010den\u00e1<\/a><\/p>\n<p><a href=\"http:\/\/szss-nitra.sk\/?page_id=3286\">Ako vybavi\u0165<\/a><\/p>\n<p><a href=\"http:\/\/szss-nitra.sk\/?page_id=3288\">\u010cas poskytovania slu\u017eby<\/a><\/p>\n<p><strong><a href=\"http:\/\/szss-nitra.sk\/?page_id=3327\">Legislat\u00edva<\/a><\/strong><\/p>\n<p><a href=\"http:\/\/szss-nitra.sk\/?page_id=3291\">Cenn\u00edk<\/a><\/p>\n<p><a href=\"http:\/\/szss-nitra.sk\/?page_id=3284\">Kontakt<\/a><\/p>\n<p><a href=\"http:\/\/szss-nitra.sk\/?page_id=14509\">Povedali o n\u00e1s<\/a><\/p>\n<p><a href=\"http:\/\/szss-nitra.sk\/?page_id=3326\">Fotogal\u00e9ria<\/a><\/p>\n<p><img loading=\"lazy\" decoding=\"async\" class=\"alignnone size-full wp-image-10606\" src=\"http:\/\/szss-nitra.sk\/wp-content\/uploads\/2023\/10\/menu_ico_taxik.png\" alt=\"\" width=\"150\" height=\"100\"><\/td>\n<td><span style=\"color: #ffffff;\">.<\/span><\/td>\n<td style=\"vertical-align: top; text-align: jusify;\">\n<ul>\n<li><a href=\"http:\/\/www.zakonypreludi.sk\/zz\/2008-448\" target=\"_blank\" rel=\"noopener noreferrer\">Z\u00e1kon \u010d. 448\/2008 o soci\u00e1lnych slu\u017eb\u00e1ch v aktu\u00e1lnom znen\u00ed<\/a><\/li>\n<li><a href=\"http:\/\/szss-nitra.sk\/wp-content\/uploads\/2018\/05\/VZN-4-2014-dodatok-\u010d1a2-zvejnenie-internet.pdf\" target=\"_blank\" rel=\"noopener noreferrer\">V\u0161eobecne z\u00e1v\u00e4zn\u00e9 nariadenie Mesta Nitry \u010d. 4\/2014 o soci\u00e1lnych slu\u017eb\u00e1ch v aktu\u00e1lnom znen\u00ed<\/a><\/li>\n<\/ul>\n<\/td>\n<\/tr>\n<\/tbody>\n<\/table>\n","protected":false},"excerpt":{"rendered":"<p>Komu je ur\u010den\u00e1 Ako vybavi\u0165 \u010cas poskytovania slu\u017eby Legislat\u00edva Cenn\u00edk Kontakt Povedali o n\u00e1s Fotogal\u00e9ria . Z\u00e1kon \u010d. 448\/2008 o soci\u00e1lnych slu\u017eb\u00e1ch v aktu\u00e1lnom znen\u00ed V\u0161eobecne z\u00e1v\u00e4zn\u00e9 nariadenie Mesta Nitry \u010d. 4\/2014 o soci\u00e1lnych slu\u017eb\u00e1ch v aktu\u00e1lnom znen\u00ed<\/p>\n","protected":false},"author":1,"featured_media":0,"parent":3282,"menu_order":0,"comment_status":"closed","ping_status":"closed","template":"","meta":{"footnotes":""},"class_list":["post-3327","page","type-page","status-publish","hentry"],"_links":{"self":[{"href":"http:\/\/szss-nitra.sk\/index.php?rest_route=\/wp\/v2\/pages\/3327","targetHints":{"allow":["GET"]}}],"collection":[{"href":"http:\/\/szss-nitra.sk\/index.php?rest_route=\/wp\/v2\/pages"}],"about":[{"href":"http:\/\/szss-nitra.sk\/index.php?rest_route=\/wp\/v2\/types\/page"}],"author":[{"embeddable":true,"href":"http:\/\/szss-nitra.sk\/index.php?rest_route=\/wp\/v2\/users\/1"}],"replies":[{"embeddable":true,"href":"http:\/\/szss-nitra.sk\/index.php?rest_route=%2Fwp%2Fv2%2Fcomments&post=3327"}],"version-history":[{"count":6,"href":"http:\/\/szss-nitra.sk\/index.php?rest_route=\/wp\/v2\/pages\/3327\/revisions"}],"predecessor-version":[{"id":14529,"href":"http:\/\/szss-nitra.sk\/index.php?rest_route=\/wp\/v2\/pages\/3327\/revisions\/14529"}],"up":[{"embeddable":true,"href":"http:\/\/szss-nitra.sk\/index.php?rest_route=\/wp\/v2\/pages\/3282"}],"wp:attachment":[{"href":"http:\/\/szss-nitra.sk\/index.php?rest_route=%2Fwp%2Fv2%2Fmedia&parent=3327"}],"curies":[{"name":"wp","href":"https:\/\/api.w.org\/{rel}","templated":true}]}}