{"id":3286,"date":"2017-06-19T12:48:19","date_gmt":"2017-06-19T10:48:19","guid":{"rendered":"http:\/\/szss-nitra.sk\/?page_id=3286"},"modified":"2025-08-21T09:30:36","modified_gmt":"2025-08-21T07:30:36","slug":"prepravna-sluzba-ako-vybavit","status":"publish","type":"page","link":"http:\/\/szss-nitra.sk\/?page_id=3286","title":{"rendered":"Prepravn\u00e1 slu\u017eba"},"content":{"rendered":"<table style=\"border: none;\">\n<tbody>\n<tr>\n<td style=\"width: 30%; vertical-align: top;\"><a href=\"http:\/\/szss-nitra.sk\/?page_id=3325\">Komu je ur\u010den\u00e1<\/a><\/p>\n<p><strong><a href=\"http:\/\/szss-nitra.sk\/?page_id=3286\">Ako vybavi\u0165<\/a><\/strong><\/p>\n<p><a href=\"http:\/\/szss-nitra.sk\/?page_id=3288\">\u010cas poskytovania slu\u017eby<\/a><\/p>\n<p><a href=\"http:\/\/szss-nitra.sk\/?page_id=3327\">Legislat\u00edva<\/a><\/p>\n<p><a href=\"http:\/\/szss-nitra.sk\/?page_id=3291\">Cenn\u00edk<\/a><\/p>\n<p><a href=\"http:\/\/szss-nitra.sk\/?page_id=3284\">Kontakt<\/a><\/p>\n<p><a href=\"http:\/\/szss-nitra.sk\/?page_id=14509\">Povedali o n\u00e1s<\/a><\/p>\n<p><a href=\"http:\/\/szss-nitra.sk\/?page_id=3326\">Fotogal\u00e9ria<\/a><\/p>\n<p><img loading=\"lazy\" decoding=\"async\" class=\"alignnone size-full wp-image-10606\" src=\"http:\/\/szss-nitra.sk\/wp-content\/uploads\/2023\/10\/menu_ico_taxik.png\" alt=\"\" width=\"150\" height=\"100\" \/><\/td>\n<td><span style=\"color: #ffffff;\">.<\/span><\/td>\n<td style=\"vertical-align: top; text-align: justify;\"><a href=\"http:\/\/szss-nitra.sk\/wp-content\/uploads\/2017\/06\/Ziadost-o-poskytovanie-prepravnej-sluzby-1.pdf\" target=\"_blank\" rel=\"noopener noreferrer\">\u017diados\u0165 o\u00a0poskytnutie prepravnej slu\u017eby<\/a> \u017eiadate\u013e pod\u00e1va na Odbor soci\u00e1lnych slu\u017eieb Mestsk\u00e9ho \u00faradu v Nitre. Nepriazniv\u00fd zdravotn\u00fd stav preukazuje \u017eiadate\u013e potvrden\u00edm poskytovate\u013ea zdravotnej starostlivosti pod\u013ea osobitn\u00e9ho predpisu. V pr\u00edpade odk\u00e1zanosti na individu\u00e1lnu prepravu osobn\u00fdm motorov\u00fdm vozidlom \u017eiadate\u013e preukazuje odk\u00e1zanos\u0165 posudkom vydan\u00fdm pr\u00edslu\u0161n\u00fdm \u00daradom pr\u00e1ce, soci\u00e1lnych vec\u00ed a rodiny alebo integrovan\u00fdm posudkom. Odbor soci\u00e1lnych slu\u017eieb Mesta Nitry po preveren\u00ed n\u00e1roku vyd\u00e1 Ozn\u00e1menie o mo\u017enosti vyu\u017e\u00edva\u0165 prepravn\u00fa slu\u017ebu poskytovan\u00fa Spr\u00e1vou zariaden\u00ed soci\u00e1lnych slu\u017eieb v Nitre.<\/p>\n<p>Prepravn\u00e1 slu\u017eba je poskytovan\u00e1 na z\u00e1klade telefonickej objedn\u00e1vky, pri\u010dom telefonick\u00e1 objedn\u00e1vka mus\u00ed by\u0165 uskuto\u010dnen\u00e1 najnesk\u00f4r 24 hod\u00edn vopred. Po uskuto\u010dnen\u00ed telefonickej objedn\u00e1vky sa v objednan\u00fd de\u0148 a \u010das dostav\u00ed vozidlo prepravnej slu\u017eby pre prij\u00edmate\u013ea soci\u00e1lnej slu\u017eby na miesto ur\u010denia (napr. na adresu jeho trval\u00e9ho pobytu) a doprav\u00ed ho na miesto ur\u010denia (napr. zdravotn\u00edcke stredisko). N\u00e1sledne je mo\u017en\u00e9 dohodn\u00fa\u0165 s vodi\u010dom zabezpe\u010denie prepravy osoby sp\u00e4\u0165 (napr. zo zdravotn\u00edckeho zariadenia na adresu trval\u00e9ho pobytu).<\/td>\n<\/tr>\n<\/tbody>\n<\/table>\n","protected":false},"excerpt":{"rendered":"<p>Komu je ur\u010den\u00e1 Ako vybavi\u0165 \u010cas poskytovania slu\u017eby Legislat\u00edva Cenn\u00edk Kontakt Povedali o n\u00e1s Fotogal\u00e9ria . \u017diados\u0165 o\u00a0poskytnutie prepravnej slu\u017eby \u017eiadate\u013e pod\u00e1va na Odbor soci\u00e1lnych slu\u017eieb Mestsk\u00e9ho \u00faradu v Nitre. Nepriazniv\u00fd zdravotn\u00fd stav preukazuje \u017eiadate\u013e potvrden\u00edm poskytovate\u013ea zdravotnej starostlivosti pod\u013ea osobitn\u00e9ho predpisu. V pr\u00edpade odk\u00e1zanosti na individu\u00e1lnu prepravu osobn\u00fdm motorov\u00fdm vozidlom \u017eiadate\u013e preukazuje odk\u00e1zanos\u0165 posudkom [&hellip;]<\/p>\n","protected":false},"author":1,"featured_media":0,"parent":3282,"menu_order":0,"comment_status":"closed","ping_status":"closed","template":"","meta":{"footnotes":""},"class_list":["post-3286","page","type-page","status-publish","hentry"],"_links":{"self":[{"href":"http:\/\/szss-nitra.sk\/index.php?rest_route=\/wp\/v2\/pages\/3286","targetHints":{"allow":["GET"]}}],"collection":[{"href":"http:\/\/szss-nitra.sk\/index.php?rest_route=\/wp\/v2\/pages"}],"about":[{"href":"http:\/\/szss-nitra.sk\/index.php?rest_route=\/wp\/v2\/types\/page"}],"author":[{"embeddable":true,"href":"http:\/\/szss-nitra.sk\/index.php?rest_route=\/wp\/v2\/users\/1"}],"replies":[{"embeddable":true,"href":"http:\/\/szss-nitra.sk\/index.php?rest_route=%2Fwp%2Fv2%2Fcomments&post=3286"}],"version-history":[{"count":13,"href":"http:\/\/szss-nitra.sk\/index.php?rest_route=\/wp\/v2\/pages\/3286\/revisions"}],"predecessor-version":[{"id":14854,"href":"http:\/\/szss-nitra.sk\/index.php?rest_route=\/wp\/v2\/pages\/3286\/revisions\/14854"}],"up":[{"embeddable":true,"href":"http:\/\/szss-nitra.sk\/index.php?rest_route=\/wp\/v2\/pages\/3282"}],"wp:attachment":[{"href":"http:\/\/szss-nitra.sk\/index.php?rest_route=%2Fwp%2Fv2%2Fmedia&parent=3286"}],"curies":[{"name":"wp","href":"https:\/\/api.w.org\/{rel}","templated":true}]}}