{"id":3203,"date":"2017-06-07T21:02:52","date_gmt":"2017-06-07T19:02:52","guid":{"rendered":"http:\/\/szss-nitra.sk\/?page_id=3203"},"modified":"2025-09-11T01:50:42","modified_gmt":"2025-09-10T23:50:42","slug":"domaca-opatrovatelska-sluzba","status":"publish","type":"page","link":"http:\/\/szss-nitra.sk\/?page_id=3203","title":{"rendered":"Opatrovate\u013esk\u00e1 slu\u017eba"},"content":{"rendered":"<table style=\"border: none;\">\n<tbody>\n<tr>\n<td style=\"width: 30%; vertical-align: top;\"><a href=\"http:\/\/szss-nitra.sk\/?page_id=10644\">Poslanie, hodnoty a v\u00edzia<\/a><\/p>\n<p><a href=\"http:\/\/szss-nitra.sk\/?page_id=3219\">Kontakt<\/a><\/p>\n<p><a href=\"http:\/\/szss-nitra.sk\/?page_id=3222\">Ako vybavi\u0165<\/a><\/p>\n<p><a href=\"http:\/\/szss-nitra.sk\/?page_id=3224\">\u00dakony opatrovate\u013eskej slu\u017eby<\/a><\/p>\n<p><a href=\"http:\/\/szss-nitra.sk\/?page_id=4191\">Legislat\u00edva<\/a><\/p>\n<p><a href=\"http:\/\/szss-nitra.sk\/?page_id=3226\">\u010cas poskytovania slu\u017eby<\/a><\/p>\n<p><a href=\"http:\/\/szss-nitra.sk\/?page_id=9022\">Evidencia \u017eiadate\u013eov<\/a><\/p>\n<p><a href=\"http:\/\/szss-nitra.sk\/?page_id=3228\">Cenn\u00edk<\/a><\/p>\n<p><a href=\"http:\/\/szss-nitra.sk\/?page_id=3230\">Domy s opatrovate\u013eskou slu\u017ebou<\/a><\/p>\n<p><a href=\"http:\/\/szss-nitra.sk\/?page_id=3232\">Sp\u00e4tn\u00e1 v\u00e4zba<\/a><\/p>\n<p><a href=\"http:\/\/szss-nitra.sk\/?page_id=10873\">Podpora zamestnancov<\/a><\/p>\n<p><img loading=\"lazy\" decoding=\"async\" class=\"alignnone size-full wp-image-10642\" src=\"http:\/\/szss-nitra.sk\/wp-content\/uploads\/2023\/11\/menu_ico_TOS4.png\" alt=\"\" width=\"160\" height=\"130\"><\/td>\n<td><span style=\"color: #ffffff;\">.<\/span><\/td>\n<td style=\"vertical-align: top; text-align: justify;\">Poskytovan\u00edm opatrovate\u013eskej slu\u017eby nap\u013a\u0148ame prirodzen\u00fa potrebu \u010dloveka \u017ei\u0165 v d\u00f4verne zn\u00e1mom dom\u00e1com prostred\u00ed a so svojimi bl\u00edzkymi aj napriek nepriazniv\u00e9mu zdravotn\u00e9mu stavu.<\/p>\n<p>Opatrovate\u013esk\u00e1 slu\u017eba je soci\u00e1lna slu\u017eba, ktor\u00e1 pr\u00edde priamo k V\u00e1m s cie\u013eom:<\/p>\n<ul>\n<li>Zlep\u0161i\u0165 kvalitu V\u00e1\u0161ho \u017eivota,<\/li>\n<li>poskytn\u00fa\u0165 pomoc pri \u00fakonoch sebaobsluhy, \u00fakonoch starostlivosti o dom\u00e1cnos\u0165 a z\u00e1kladn\u00fdch soci\u00e1lnych aktivit\u00e1ch,<\/li>\n<li>umo\u017eni\u0165 V\u00e1m d\u00f4stojn\u00fd \u017eivot v dom\u00e1com prostred\u00ed,<\/li>\n<li>udr\u017ea\u0165 V\u00e1\u0161 soci\u00e1lny komfort,<\/li>\n<li>podpori\u0165 doteraj\u0161\u00ed sp\u00f4sob V\u00e1\u0161ho \u017eivota a Va\u0161e soci\u00e1lne v\u00e4zby,<\/li>\n<li>podpori\u0165 Va\u0161u sebesta\u010dnos\u0165,<\/li>\n<li>reagova\u0165 na Va\u0161e individu\u00e1lne potreby osobn\u00fdm sp\u00f4sobom,<\/li>\n<li>vytvori\u0165 atmosf\u00e9ru vz\u00e1jomnej d\u00f4very.<\/li>\n<\/ul>\n<\/td>\n<\/tr>\n<\/tbody>\n<\/table>\n","protected":false},"excerpt":{"rendered":"<p>Poslanie, hodnoty a v\u00edzia Kontakt Ako vybavi\u0165 \u00dakony opatrovate\u013eskej slu\u017eby Legislat\u00edva \u010cas poskytovania slu\u017eby Evidencia \u017eiadate\u013eov Cenn\u00edk Domy s opatrovate\u013eskou slu\u017ebou Sp\u00e4tn\u00e1 v\u00e4zba Podpora zamestnancov . Poskytovan\u00edm opatrovate\u013eskej slu\u017eby nap\u013a\u0148ame prirodzen\u00fa potrebu \u010dloveka \u017ei\u0165 v d\u00f4verne zn\u00e1mom dom\u00e1com prostred\u00ed a so svojimi bl\u00edzkymi aj napriek nepriazniv\u00e9mu zdravotn\u00e9mu stavu. Opatrovate\u013esk\u00e1 slu\u017eba je soci\u00e1lna slu\u017eba, ktor\u00e1 pr\u00edde [&hellip;]<\/p>\n","protected":false},"author":1,"featured_media":0,"parent":0,"menu_order":0,"comment_status":"closed","ping_status":"closed","template":"","meta":{"footnotes":""},"class_list":["post-3203","page","type-page","status-publish","hentry"],"_links":{"self":[{"href":"http:\/\/szss-nitra.sk\/index.php?rest_route=\/wp\/v2\/pages\/3203","targetHints":{"allow":["GET"]}}],"collection":[{"href":"http:\/\/szss-nitra.sk\/index.php?rest_route=\/wp\/v2\/pages"}],"about":[{"href":"http:\/\/szss-nitra.sk\/index.php?rest_route=\/wp\/v2\/types\/page"}],"author":[{"embeddable":true,"href":"http:\/\/szss-nitra.sk\/index.php?rest_route=\/wp\/v2\/users\/1"}],"replies":[{"embeddable":true,"href":"http:\/\/szss-nitra.sk\/index.php?rest_route=%2Fwp%2Fv2%2Fcomments&post=3203"}],"version-history":[{"count":34,"href":"http:\/\/szss-nitra.sk\/index.php?rest_route=\/wp\/v2\/pages\/3203\/revisions"}],"predecessor-version":[{"id":15051,"href":"http:\/\/szss-nitra.sk\/index.php?rest_route=\/wp\/v2\/pages\/3203\/revisions\/15051"}],"wp:attachment":[{"href":"http:\/\/szss-nitra.sk\/index.php?rest_route=%2Fwp%2Fv2%2Fmedia&parent=3203"}],"curies":[{"name":"wp","href":"https:\/\/api.w.org\/{rel}","templated":true}]}}