{"id":12320,"date":"2024-05-21T08:43:40","date_gmt":"2024-05-21T06:43:40","guid":{"rendered":"https:\/\/szss-nitra.sk\/?page_id=12320"},"modified":"2024-06-18T09:43:48","modified_gmt":"2024-06-18T07:43:48","slug":"zariadenie-pre-seniorov-2","status":"publish","type":"page","link":"http:\/\/szss-nitra.sk\/?page_id=12320","title":{"rendered":"Zariadenie pre seniorov"},"content":{"rendered":"<table style=\"border: none;\">\n<tbody>\n<tr>\n<td style=\"width: 30%; vertical-align: top;\"><a href=\"http:\/\/szss-nitra.sk\/?page_id=12320\"><strong>Poslanie, hodnoty a v\u00edzia<\/strong><\/a><\/p>\n<p><a href=\"http:\/\/szss-nitra.sk\/?page_id=3989\">Kontakt<\/a><\/p>\n<p><a href=\"http:\/\/szss-nitra.sk\/?page_id=3987\">Ako vybavi\u0165<\/a><\/p>\n<p><a href=\"http:\/\/szss-nitra.sk\/?page_id=3997\">Poskytovan\u00e9 slu\u017eby<\/a><\/p>\n<p><a href=\"http:\/\/szss-nitra.sk\/?page_id=12329\">Komu nemo\u017eno poskytova\u0165<\/a><\/p>\n<p><a href=\"http:\/\/szss-nitra.sk\/?page_id=4021\">Legislat\u00edva<\/a><\/p>\n<p><a href=\"http:\/\/szss-nitra.sk\/?page_id=3986\">Cenn\u00edk<\/a><\/p>\n<p><a href=\"http:\/\/szss-nitra.sk\/?page_id=3988\">Evidencia \u017eiadate\u013eov<\/a><\/p>\n<p><a href=\"http:\/\/szss-nitra.sk\/?page_id=3985\">Fotogal\u00e9ria<\/a><\/p>\n<p><a href=\"http:\/\/szss-nitra.sk\/?page_id=12331\">Z\u00e1ujmov\u00e1 \u010dinnos\u0165<\/a><\/p>\n<p><a href=\"http:\/\/szss-nitra.sk\/?page_id=6511\">Jed\u00e1lny l\u00edstok<\/a><\/p>\n<p><img loading=\"lazy\" decoding=\"async\" class=\"alignnone wp-image-10981 size-full\" src=\"http:\/\/szss-nitra.sk\/wp-content\/uploads\/2023\/11\/menu_ico_ZOBOR.png\" alt=\"\" width=\"150\" height=\"150\" srcset=\"http:\/\/szss-nitra.sk\/wp-content\/uploads\/2023\/11\/menu_ico_ZOBOR.png 150w, http:\/\/szss-nitra.sk\/wp-content\/uploads\/2023\/11\/menu_ico_ZOBOR-100x100.png 100w\" sizes=\"auto, (max-width: 150px) 100vw, 150px\" \/><\/td>\n<td><span style=\"color: #ffffff;\">.<\/span><\/td>\n<td style=\"vertical-align: top; text-align: center;\">\n<p style=\"text-align: justify;\"><strong>Na\u0161im poslan\u00edm<\/strong> v poskytovan\u00ed soci\u00e1lnej slu\u017eby v zariaden\u00ed soci\u00e1lnych slu\u017eieb ZOBOR (\u010falej ako ZSS ZOBOR) je poskytova\u0165 primeran\u00fa odborn\u00fa pomoc odk\u00e1zan\u00fdm prij\u00edmate\u013eom soci\u00e1lnej slu\u017eby, tak, aby sa v zariadeniach soci\u00e1lnych slu\u017eieb ZOBOR, c\u00edtili bezpe\u010dne, d\u00f4stojne a z\u00e1rove\u0148 sa spolupodielali na vytv\u00e1ran\u00ed podmienok soci\u00e1lnych slu\u017eieb. Zariadenie soci\u00e1lnych slu\u017eieb ZOBOR vytv\u00e1ra podmienky pre poradn\u00fd org\u00e1n riadite\u013ea z radov prij\u00edmate\u013eov soci\u00e1lnych slu\u017eieb \u2013 V\u00fdbor klientov.<\/p>\n<p style=\"text-align: justify;\">Hodnoty uplat\u0148ovan\u00e9 pri poskytovan\u00ed soci\u00e1lnej slu\u017eby v ZSS ZOBOR:<\/p>\n<h4 style=\"text-align: justify;\"><strong><span style=\"color: #339966;\">Z<\/span> &#8211; zodpovednos\u0165<\/strong><br \/>\n<strong><span style=\"color: #339966;\">O<\/span> &#8211; odbornos\u0165<\/strong><br \/>\n<strong><span style=\"color: #339966;\">B<\/span> &#8211; bezpe\u010dnos\u0165<\/strong><br \/>\n<strong><span style=\"color: #339966;\">O<\/span> &#8211; otvorenos\u0165<\/strong><br \/>\n<strong><span style=\"color: #339966;\">R<\/span> &#8211; re\u0161pekt<\/strong><\/h4>\n<p><img loading=\"lazy\" decoding=\"async\" class=\"alignnone size-full wp-image-12619\" src=\"http:\/\/szss-nitra.sk\/wp-content\/uploads\/2024\/06\/poslanie-hodnoty-ZPS-1.png\" alt=\"\" width=\"600\" height=\"600\" srcset=\"http:\/\/szss-nitra.sk\/wp-content\/uploads\/2024\/06\/poslanie-hodnoty-ZPS-1.png 600w, http:\/\/szss-nitra.sk\/wp-content\/uploads\/2024\/06\/poslanie-hodnoty-ZPS-1-300x300.png 300w, http:\/\/szss-nitra.sk\/wp-content\/uploads\/2024\/06\/poslanie-hodnoty-ZPS-1-100x100.png 100w\" sizes=\"auto, (max-width: 600px) 100vw, 600px\" \/><\/p>\n<p style=\"text-align: justify;\"><strong>Na\u0161ou v\u00edziou<\/strong> v r\u00e1mci poskytovania soci\u00e1lnych slu\u017eieb je zvy\u0161ova\u0165 kvalitu poskytovan\u00fdch soci\u00e1lnych slu\u017eieb, zabezpe\u010di\u0165 tak\u00e9 prostredie, ktor\u00e9 podporuje, \u010do najvy\u0161\u0161iu mieru sebesta\u010dnosti a auton\u00f3mie prij\u00edmate\u013ea soci\u00e1lnej slu\u017eby a z\u00e1rove\u0148 poskytova\u0165 odborne, spr\u00e1vne a bezpe\u010dn\u00e9 soci\u00e1lne slu\u017eby. Prij\u00edmate\u013e soci\u00e1lnej slu\u017eby je na\u0161im partnerom a jeho n\u00e1zor je pre n\u00e1s d\u00f4le\u017eit\u00fd. Re\u0161pektujeme jeho \u013eudsk\u00fa d\u00f4stojnos\u0165 a soci\u00e1lne pr\u00e1va.<\/p>\n<p><strong><em>Ciele a\u00a0priority na \u00a0roky<\/em><\/strong><strong><em> 2024 \u2013 2028:<\/em><\/strong><\/p>\n<table width=\"633\">\n<tbody>\n<tr>\n<td width=\"186\"><strong>Ciele <\/strong><\/td>\n<td width=\"114\"><strong>Obdobie<\/strong><\/td>\n<td width=\"233\"><strong>Popis<\/strong><\/td>\n<td width=\"100\"><strong>Hodnotenie<\/strong><\/td>\n<\/tr>\n<tr>\n<td style=\"text-align: left;\" width=\"186\"><strong>1.\u00a0 <\/strong><strong>Zabezpe\u010di\u0165 aktiviz\u00e1ciu a zmyslupln\u00e9 tr\u00e1venie vo\u013en\u00e9ho \u010dasu na z\u00e1klade individu\u00e1lnych potrieb prij\u00edmate\u013eov soci\u00e1lnych slu\u017eieb<\/strong><\/td>\n<td style=\"text-align: left;\" width=\"114\">2024 &#8211; 2028<\/td>\n<td style=\"text-align: justify;\" width=\"217\">&#8211;\u00a0 Zabezpe\u010di\u0165 r\u00f4zne typy aktiv\u00edt pon\u00fakan\u00fdch v ZSS ZOBOR (fyzioterapia, aktivity v tvorivej dielne, snoezelen, vzdel\u00e1vacie workshopy a pod..)<\/p>\n<p style=\"text-align: justify;\">&#8211;\u00a0 Vytvorenie pr\u00edle\u017eitost\u00ed na neust\u00e1le sa vzdel\u00e1vanie prij\u00edmate\u013eov soci\u00e1lnej slu\u017eby v r\u00f4znych odborn\u00fdch t\u00e9mach. (pol\u00edcia, hasi\u010di, BOZP, R\u00daVZ).<\/p>\n<\/td>\n<td width=\"116\"><\/td>\n<\/tr>\n<tr>\n<td style=\"text-align: left;\" width=\"186\"><strong>2.\u00a0 <\/strong><strong>Spolupr\u00e1ca s\u00a0prij\u00edmate\u013emi soci\u00e1lnej slu\u017eby<\/strong><\/td>\n<td style=\"text-align: left;\" width=\"114\">2024 &#8211; 2028<\/td>\n<td style=\"text-align: justify;\" width=\"217\">&#8211;\u00a0 Slobodne volen\u00fd v\u00fdbor klientov z\u00a0 prij\u00edmate\u013eov soci\u00e1lnych slu\u017eieb.<\/p>\n<p style=\"text-align: justify;\">&#8211;\u00a0 Pravideln\u00e1 \u00fa\u010das\u0165 riadite\u013ea a ved\u00facich \u00fasekov na V\u00fdbore klientov a spolupr\u00e1ca na n\u00e1vrhoch k zlep\u0161eniu podmienok v zariaden\u00ed soci\u00e1lnych slu\u017eieb ZOBOR.<\/p>\n<\/td>\n<td width=\"116\"><\/td>\n<\/tr>\n<tr>\n<td style=\"text-align: left;\" width=\"186\"><strong>3.\u00a0 <\/strong><strong>Vybudovanie druh\u00e9ho v\u00fd\u0165ahu<\/strong><\/td>\n<td style=\"text-align: left;\" width=\"114\">2027<\/td>\n<td style=\"text-align: justify;\" width=\"217\">&#8211;\u00a0 Zabezpe\u010di\u0165 priestorov\u00fa bezbari\u00e9rovos\u0165 v\u0161etk\u00fdch poschod\u00ed.<\/td>\n<td width=\"116\"><\/td>\n<\/tr>\n<tr>\n<td style=\"text-align: left;\" width=\"186\"><strong>4.\u00a0 <\/strong><strong>Debarieriz\u00e1cia k\u00fape\u013en\u00ed v ZSS a\u00a0roz\u0161\u00edrenie z\u00e1rubn\u00ed v\u00a0ZOS <\/strong><\/td>\n<td style=\"text-align: left;\" width=\"114\">2028<\/td>\n<td style=\"text-align: justify;\" width=\"217\">&#8211;\u00a0 Zabezpe\u010di\u0165 bezbari\u00e9rovos\u0165 obytn\u00fdch priestorov pre PSS.<\/td>\n<td width=\"116\"><\/td>\n<\/tr>\n<tr>\n<td style=\"text-align: left;\" width=\"186\"><strong>5.\u00a0 <\/strong><strong>In\u0161tal\u00e1cia fotovoltaiky<\/strong><\/td>\n<td style=\"text-align: left;\" width=\"114\">2028<\/td>\n<td style=\"text-align: left;\" width=\"217\">&#8211;\u00a0 \u00daspora elektrickej energie.<\/td>\n<td width=\"116\"><\/td>\n<\/tr>\n<tr>\n<td style=\"text-align: left;\" width=\"186\"><strong>6.\u00a0 <\/strong><strong>Zelen\u00e1 strecha<\/strong><\/td>\n<td style=\"text-align: left;\" width=\"114\">2028<\/td>\n<td style=\"text-align: justify;\" width=\"217\">&#8211;\u00a0 Zelen\u00e9 strechy poskytuj\u00fa mno\u017estvo v\u00fdhod pre \u017eivotn\u00e9 prostredie a mestsk\u00e9 oblasti, podporuj\u00fa biodiverzitu, zlep\u0161uj\u00fa udr\u017eate\u013enos\u0165 a ochladzuj\u00fa ovzdu\u0161ie.<\/td>\n<td width=\"116\"><\/td>\n<\/tr>\n<tr>\n<td style=\"text-align: left;\" width=\"186\"><strong>\u00a0<\/strong><strong>7.\u00a0 <\/strong><strong>Zvy\u0161ovanie odbornej \u00farovne zamestnancov<\/strong><\/td>\n<td style=\"text-align: left;\" width=\"114\">2024 -2028<\/td>\n<td style=\"text-align: justify;\" width=\"217\">&#8211;\u00a0 Zabezpe\u010denie\u00a0 odborn\u00fdch semin\u00e1rov, predn\u00e1\u0161ok o aktu\u00e1lnych odborn\u00fdch poznatkoch, predn\u00e1\u0161ky zabezpe\u010den\u00e9 lek\u00e1rmi, predn\u00e1\u0161ky o nov\u00fdch technick\u00fdch zariadeniach a pr\u00edstrojoch.<\/td>\n<td width=\"116\"><\/td>\n<\/tr>\n<tr>\n<td style=\"text-align: left;\" width=\"186\"><strong>8.\u00a0 <\/strong><strong>Partnerstvo <\/strong><\/td>\n<td style=\"text-align: left;\" width=\"114\">2024 &#8211; 2028<\/td>\n<td style=\"text-align: justify;\" width=\"217\">&#8211;\u00a0 Budova\u0165 spolupr\u00e1cu s Univerzitami v r\u00e1mci odbornej praxe pre \u0161tudentov, by\u0165 \u0161koliacim strediskom pre \u0161koly a agent\u00fary.<\/p>\n<p>&#8211;\u00a0 Akt\u00edvna spolupr\u00e1ca s dobrovo\u013en\u00edkmi.<\/td>\n<td width=\"116\"><\/td>\n<\/tr>\n<\/tbody>\n<\/table>\n<\/td>\n<\/tr>\n<\/tbody>\n<\/table>\n","protected":false},"excerpt":{"rendered":"<p>Poslanie, hodnoty a v\u00edzia Kontakt Ako vybavi\u0165 Poskytovan\u00e9 slu\u017eby Komu nemo\u017eno poskytova\u0165 Legislat\u00edva Cenn\u00edk Evidencia \u017eiadate\u013eov Fotogal\u00e9ria Z\u00e1ujmov\u00e1 \u010dinnos\u0165 Jed\u00e1lny l\u00edstok . Na\u0161im poslan\u00edm v poskytovan\u00ed soci\u00e1lnej slu\u017eby v zariaden\u00ed soci\u00e1lnych slu\u017eieb ZOBOR (\u010falej ako ZSS ZOBOR) je poskytova\u0165 primeran\u00fa odborn\u00fa pomoc odk\u00e1zan\u00fdm prij\u00edmate\u013eom soci\u00e1lnej slu\u017eby, tak, aby sa v zariadeniach soci\u00e1lnych slu\u017eieb ZOBOR, c\u00edtili [&hellip;]<\/p>\n","protected":false},"author":1,"featured_media":0,"parent":0,"menu_order":0,"comment_status":"closed","ping_status":"closed","template":"","meta":{"footnotes":""},"class_list":["post-12320","page","type-page","status-publish","hentry"],"_links":{"self":[{"href":"http:\/\/szss-nitra.sk\/index.php?rest_route=\/wp\/v2\/pages\/12320","targetHints":{"allow":["GET"]}}],"collection":[{"href":"http:\/\/szss-nitra.sk\/index.php?rest_route=\/wp\/v2\/pages"}],"about":[{"href":"http:\/\/szss-nitra.sk\/index.php?rest_route=\/wp\/v2\/types\/page"}],"author":[{"embeddable":true,"href":"http:\/\/szss-nitra.sk\/index.php?rest_route=\/wp\/v2\/users\/1"}],"replies":[{"embeddable":true,"href":"http:\/\/szss-nitra.sk\/index.php?rest_route=%2Fwp%2Fv2%2Fcomments&post=12320"}],"version-history":[{"count":18,"href":"http:\/\/szss-nitra.sk\/index.php?rest_route=\/wp\/v2\/pages\/12320\/revisions"}],"predecessor-version":[{"id":12620,"href":"http:\/\/szss-nitra.sk\/index.php?rest_route=\/wp\/v2\/pages\/12320\/revisions\/12620"}],"wp:attachment":[{"href":"http:\/\/szss-nitra.sk\/index.php?rest_route=%2Fwp%2Fv2%2Fmedia&parent=12320"}],"curies":[{"name":"wp","href":"https:\/\/api.w.org\/{rel}","templated":true}]}}