{"id":11958,"date":"2024-03-01T15:10:28","date_gmt":"2024-03-01T13:10:28","guid":{"rendered":"https:\/\/szss-nitra.sk\/?page_id=11958"},"modified":"2025-08-20T14:43:29","modified_gmt":"2025-08-20T12:43:29","slug":"denne-centrum-7","status":"publish","type":"page","link":"http:\/\/szss-nitra.sk\/?page_id=11958","title":{"rendered":"Denn\u00e9 centrum"},"content":{"rendered":"<table style=\"border: none;\">\n<tbody>\n<tr>\n<td style=\"width: 30%; vertical-align: top;\"><a href=\"http:\/\/szss-nitra.sk\/?page_id=11958\"><strong>Poslanie, hodnoty a v\u00edzia<\/strong><\/a><\/p>\n<p><a href=\"http:\/\/szss-nitra.sk\/?page_id=3460\">Zameranie a obsah slu\u017eby<\/a><\/p>\n<p><a href=\"http:\/\/szss-nitra.sk\/?page_id=3461\">Ako vybavi\u0165<\/a><\/p>\n<p><a href=\"http:\/\/szss-nitra.sk\/?page_id=3462\">\u010cas poskytovania slu\u017eby<\/a><\/p>\n<p><a href=\"http:\/\/szss-nitra.sk\/?page_id=3465\">Zabezpe\u010denie kvality<\/a><\/p>\n<p><a href=\"http:\/\/szss-nitra.sk\/?page_id=3463\">Legislat\u00edva<\/a><\/p>\n<p><a href=\"http:\/\/szss-nitra.sk\/?page_id=3464\">Cenn\u00edk<\/a><\/p>\n<p><a href=\"http:\/\/szss-nitra.sk\/?page_id=3466\">Kontakt<\/a><\/p>\n<p><a href=\"http:\/\/szss-nitra.sk\/?page_id=3467\">Podujatia a \u010dinnosti<\/a><\/p>\n<p><a href=\"http:\/\/szss-nitra.sk\/?page_id=3468\">Fotogal\u00e9ria<\/a><\/p>\n<p><img loading=\"lazy\" decoding=\"async\" class=\"alignnone size-full wp-image-11087\" src=\"http:\/\/szss-nitra.sk\/wp-content\/uploads\/2025\/08\/DC_mini.png\" alt=\"\" width=\"150\" height=\"150\" \/><\/td>\n<td><span style=\"color: #ffffff;\">.<\/span><\/td>\n<td style=\"vertical-align: top; text-align: justify;\">Na\u0161im poslan\u00edm v poskytovan\u00ed soci\u00e1lnej slu\u017eby denn\u00e9 centrum je odborne prispieva\u0165 k aktiviz\u00e1cii seniorov a os\u00f4b so zdravotn\u00fdm postihnut\u00edm, podporova\u0165 ich sebesta\u010dnos\u0165 a vytv\u00e1ra\u0165 priestor pre stretnutia \u013eud\u00ed v r\u00e1mci veku bl\u00edzkej komunity s cie\u013eom, aby dok\u00e1zali vies\u0165 dlhodobo samostatn\u00fd a d\u00f4stojn\u00fd \u017eivot vo svojom prirodzenom prostred\u00ed k spokojnosti ich a ich bl\u00edzkych so s\u00fa\u010dasn\u00fdm dosiahnut\u00edm spokojnosti zamestnancov.<\/p>\n<p><em>Hodnoty uplat\u0148ovan\u00e9 pri poskytovan\u00ed soci\u00e1lnej slu\u017eby v dennom centre:<\/em><\/p>\n<p><img loading=\"lazy\" decoding=\"async\" class=\"size-full wp-image-10489 aligncenter\" src=\"http:\/\/szss-nitra.sk\/wp-content\/uploads\/2023\/10\/hodnoty_DS_schema_web.png\" alt=\"\" width=\"640\" height=\"640\" srcset=\"http:\/\/szss-nitra.sk\/wp-content\/uploads\/2023\/10\/hodnoty_DS_schema_web.png 640w, http:\/\/szss-nitra.sk\/wp-content\/uploads\/2023\/10\/hodnoty_DS_schema_web-300x300.png 300w, http:\/\/szss-nitra.sk\/wp-content\/uploads\/2023\/10\/hodnoty_DS_schema_web-100x100.png 100w\" sizes=\"auto, (max-width: 640px) 100vw, 640px\" \/><\/p>\n<p>Na\u0161ou v\u00edziou v r\u00e1mci poskytovania soci\u00e1lnej slu\u017eby je zvy\u0161ova\u0165 kvalitu poskytovanej soci\u00e1lnej slu\u017eby s d\u00f4razom na zabezpe\u010denie tak\u00e9ho prostredia, ktor\u00e9 podporuje, \u010do najvy\u0161\u0161iu mieru sebesta\u010dnosti a auton\u00f3mie prij\u00edmate\u013ea soci\u00e1lnej slu\u017eby dbaj\u00fac pritom na jeho subjekt\u00edvnu spokojnos\u0165. Chceme vies\u0165 soci\u00e1lnu slu\u017ebu k cie\u013eu pon\u00faka\u0165 \u0161irok\u00e9 a rozmanit\u00e9 spektrum aktiv\u00edt a podujat\u00ed, uskuto\u010d\u0148ova\u0165 v praxi podnetn\u00e9 n\u00e1vrhy prij\u00edmate\u013eov soci\u00e1lnej slu\u017eby a prirodzene oslovova\u0165 touto \u010dinnos\u0165ou \u010do najviac prij\u00edmate\u013eov soci\u00e1lnej slu\u017eby. S\u00fa\u010dasne chceme by\u0165 miestom, kde prij\u00edmate\u013e soci\u00e1lnej slu\u017eby dostane odborne spr\u00e1vne inform\u00e1cie a soci\u00e1lne poradenstvo v bezpe\u010dnom prostred\u00ed podporuj\u00facom d\u00f4veru prij\u00edmate\u013ea soci\u00e1lnej slu\u017eby k odborn\u00e9mu zamestnancovi.<\/p>\n<p>Na\u0161ou v\u00edziou na <strong>roky 2024 \u2013 2030<\/strong> je:<\/p>\n<p><em><strong>Cie\u013e \u010d. 1 &#8211; Zabezpe\u010di\u0165 dostatok aktiv\u00edt v dennom centre na podporu zdravia, soci\u00e1lneho za\u010dlenenia a akt\u00edvneho \u017eivota prij\u00edmate\u013eov soci\u00e1lnej slu\u017eby.<\/strong><\/em><\/p>\n<table>\n<tbody>\n<tr>\n<td><strong>Ukazovate\u013e plnenia cie\u013ea<\/strong><\/td>\n<td><span style=\"color: #ffffff;\">.<\/span><\/td>\n<td><strong>Merate\u013en\u00fd ukazovate\u013e<\/strong><\/td>\n<\/tr>\n<tr>\n<td>Rozmanitos\u0165 a\u00a0dostupnos\u0165 aktiv\u00edt<\/td>\n<td><span style=\"color: #ffffff;\">.<\/span><\/td>\n<td>\u2022 Po\u010det r\u00f4znych typov aktiv\u00edt pon\u00fakan\u00fdch v\u00a0dennom centre (napr. cvi\u010denie, vzdel\u00e1vacie workshopy a\u00a0pod..)<\/td>\n<\/tr>\n<tr>\n<td>Zapojenie prij\u00edmate\u013eov soci\u00e1lnej slu\u017eby, podpora soci\u00e1lneho za\u010dlenenia<\/td>\n<td><span style=\"color: #ffffff;\">.<\/span><\/td>\n<td>\u2022 Pravideln\u00e1 \u00fa\u010das\u0165 prij\u00edmate\u013eov soci\u00e1lnej slu\u017eby na aktivit\u00e1ch v dennom centre (Po\u010det prij\u00edmate\u013eov soci\u00e1lnej slu\u017eby.<\/p>\n<p>\u2022 Pravideln\u00e1 \u00fa\u010das\u0165 prij\u00edmate\u013eov soci\u00e1lnej slu\u017eby na aktivit\u00e1ch v dennom centre (Po\u010det prij\u00edmate\u013eov soci\u00e1lnej slu\u017eby.<\/td>\n<\/tr>\n<tr>\n<td>Spolupr\u00e1ca<\/td>\n<td><span style=\"color: #ffffff;\">.<\/span><\/td>\n<td>\u2022 Po\u010det spolo\u010dn\u00fdch aktiv\u00edt alebo podujat\u00ed realizovan\u00fdch s\u00a0denn\u00fdm stacion\u00e1rom alebo Denn\u00fdm centrom Olympia.<\/td>\n<\/tr>\n<tr>\n<td>Aktiviz\u00e1cia prij\u00edmate\u013eov soci\u00e1lnej slu\u017eby<\/td>\n<td><span style=\"color: #ffffff;\">.<\/span><\/td>\n<td>\u2022 Po\u010det prij\u00edmate\u013eov soci\u00e1lnej slu\u017eby, ktor\u00ed sa akt\u00edvne anga\u017euj\u00fa alebo podie\u013eaj\u00fa na organizovan\u00ed podujat\u00ed.<\/td>\n<\/tr>\n<\/tbody>\n<\/table>\n<p><em><strong>Cie\u013e \u010d. 2 &#8211; Podporova\u0165 aktivity prij\u00edmate\u013eov soci\u00e1lnej slu\u017eby v oblasti celostn\u00e9ho osobnostn\u00e9ho rozvoja.<\/strong><\/em><\/p>\n<table>\n<tbody>\n<tr>\n<td><strong>Ukazovate\u013e plnenia cie\u013ea<\/strong><\/td>\n<td><span style=\"color: #ffffff;\">.<\/span><\/td>\n<td><strong>Merate\u013en\u00fd ukazovate\u013e<\/strong><\/td>\n<\/tr>\n<tr>\n<td>Z\u00e1ujmov\u00e9 odborn\u00e9 predn\u00e1\u0161ky<\/td>\n<td><span style=\"color: #ffffff;\">.<\/span><\/td>\n<td>\u2022 Vytvorenie pr\u00edle\u017eitost\u00ed na neust\u00e1le sa vzdel\u00e1vanie prij\u00edmate\u013eov soci\u00e1lnej slu\u017eby v\u00a0r\u00f4znych odborn\u00fdch t\u00e9mach.<\/td>\n<\/tr>\n<tr>\n<td>Pl\u00e1n osobn\u00e9ho rozvoja<\/td>\n<td><span style=\"color: #ffffff;\">.<\/span><\/td>\n<td>\u2022 Po\u010det prij\u00edmate\u013eov soci\u00e1lnej slu\u017eby, ktor\u00ed maj\u00fa s podporou odborn\u00e9ho zamestnanca vypracovan\u00fd Pl\u00e1n osobn\u00e9ho rozvoja s cie\u013emi a krokmi na ich dosiahnutie.<\/p>\n<p>\u2022 Po\u010det konzult\u00e1ci\u00ed poskytnut\u00e9ho soci\u00e1lneho poradenstva.<\/td>\n<\/tr>\n<tr>\n<td>Sp\u00e4tn\u00e1 v\u00e4zba<\/td>\n<td><span style=\"color: #ffffff;\">.<\/span><\/td>\n<td>\u2022 Hodnotenie spokojnosti prij\u00edmate\u013eov soci\u00e1lnej slu\u017eby s\u00a0aktivitami celostn\u00e9ho osobnostn\u00e9ho rozvoja<\/td>\n<\/tr>\n<tr>\n<td>Monitorovanie osobn\u00e9ho pokroku<\/td>\n<td><span style=\"color: #ffffff;\">.<\/span><\/td>\n<td>\u2022 Monitorovanie individu\u00e1lneho pokroku prij\u00edmate\u013eov soci\u00e1lnej slu\u017eby\u00a0 v oblastiach, ako s\u00fa z\u00edskanie nov\u00fdch zru\u010dnost\u00ed, posilnenie vedomost\u00ed a zlep\u0161enie osobn\u00e9ho rozvoja.<\/p>\n<p>\u2022 Po\u010det prij\u00edmate\u013eov soci\u00e1lnej slu\u017eby, ktor\u00ed vyjadruj\u00fa zlep\u0161enie svojich schopnost\u00ed a sebavedomia v d\u00f4sledku \u00fa\u010dasti na vzdel\u00e1vac\u00edch a\u00a0in\u00fdch aktivit\u00e1ch.<\/p>\n<p>\u2022 Hodnotenie \u00faspe\u0161nosti dosahovania cie\u013eov stanoven\u00fdch v\u00a0Pl\u00e1noch osobn\u00e9ho rozvoja prij\u00edmate\u013eov soci\u00e1lnej slu\u017eby.<\/td>\n<\/tr>\n<\/tbody>\n<\/table>\n<\/td>\n<\/tr>\n<\/tbody>\n<\/table>\n","protected":false},"excerpt":{"rendered":"<p>Poslanie, hodnoty a v\u00edzia Zameranie a obsah slu\u017eby Ako vybavi\u0165 \u010cas poskytovania slu\u017eby Zabezpe\u010denie kvality Legislat\u00edva Cenn\u00edk Kontakt Podujatia a \u010dinnosti Fotogal\u00e9ria . Na\u0161im poslan\u00edm v poskytovan\u00ed soci\u00e1lnej slu\u017eby denn\u00e9 centrum je odborne prispieva\u0165 k aktiviz\u00e1cii seniorov a os\u00f4b so zdravotn\u00fdm postihnut\u00edm, podporova\u0165 ich sebesta\u010dnos\u0165 a vytv\u00e1ra\u0165 priestor pre stretnutia \u013eud\u00ed v r\u00e1mci veku bl\u00edzkej [&hellip;]<\/p>\n","protected":false},"author":1,"featured_media":0,"parent":3456,"menu_order":0,"comment_status":"closed","ping_status":"closed","template":"","meta":{"footnotes":""},"class_list":["post-11958","page","type-page","status-publish","hentry"],"_links":{"self":[{"href":"http:\/\/szss-nitra.sk\/index.php?rest_route=\/wp\/v2\/pages\/11958","targetHints":{"allow":["GET"]}}],"collection":[{"href":"http:\/\/szss-nitra.sk\/index.php?rest_route=\/wp\/v2\/pages"}],"about":[{"href":"http:\/\/szss-nitra.sk\/index.php?rest_route=\/wp\/v2\/types\/page"}],"author":[{"embeddable":true,"href":"http:\/\/szss-nitra.sk\/index.php?rest_route=\/wp\/v2\/users\/1"}],"replies":[{"embeddable":true,"href":"http:\/\/szss-nitra.sk\/index.php?rest_route=%2Fwp%2Fv2%2Fcomments&post=11958"}],"version-history":[{"count":6,"href":"http:\/\/szss-nitra.sk\/index.php?rest_route=\/wp\/v2\/pages\/11958\/revisions"}],"predecessor-version":[{"id":14838,"href":"http:\/\/szss-nitra.sk\/index.php?rest_route=\/wp\/v2\/pages\/11958\/revisions\/14838"}],"up":[{"embeddable":true,"href":"http:\/\/szss-nitra.sk\/index.php?rest_route=\/wp\/v2\/pages\/3456"}],"wp:attachment":[{"href":"http:\/\/szss-nitra.sk\/index.php?rest_route=%2Fwp%2Fv2%2Fmedia&parent=11958"}],"curies":[{"name":"wp","href":"https:\/\/api.w.org\/{rel}","templated":true}]}}