{"id":10644,"date":"2023-10-30T01:46:46","date_gmt":"2023-10-29T23:46:46","guid":{"rendered":"https:\/\/szss-nitra.sk\/?page_id=10644"},"modified":"2026-02-09T14:03:20","modified_gmt":"2026-02-09T12:03:20","slug":"opatrovatelska-sluzba","status":"publish","type":"page","link":"http:\/\/szss-nitra.sk\/?page_id=10644","title":{"rendered":"Opatrovate\u013esk\u00e1 slu\u017eba"},"content":{"rendered":"<table style=\"border: none;\">\n<tbody>\n<tr>\n<td style=\"width: 30%; vertical-align: top;\"><strong><span style=\"color: #000000;\"><a style=\"color: #000000;\" href=\"http:\/\/szss-nitra.sk\/?page_id=10644\">Poslanie, hodnoty a v\u00edzia<\/a><\/span><\/strong><\/p>\n<p><a href=\"http:\/\/szss-nitra.sk\/?page_id=3219\">Kontakt<\/a><\/p>\n<p><a href=\"http:\/\/szss-nitra.sk\/?page_id=3222\">Ako vybavi\u0165<\/a><\/p>\n<p><a href=\"http:\/\/szss-nitra.sk\/?page_id=3224\">\u00dakony opatrovate\u013eskej slu\u017eby<\/a><\/p>\n<p><a href=\"http:\/\/szss-nitra.sk\/?page_id=4191\">Legislat\u00edva<\/a><\/p>\n<p><a href=\"http:\/\/szss-nitra.sk\/?page_id=3226\">\u010cas poskytovania slu\u017eby<\/a><\/p>\n<p><a href=\"http:\/\/szss-nitra.sk\/?page_id=9022\">Evidencia \u017eiadate\u013eov<\/a><\/p>\n<p><a href=\"http:\/\/szss-nitra.sk\/?page_id=3228\">Cenn\u00edk<\/a><\/p>\n<p><a href=\"http:\/\/szss-nitra.sk\/?page_id=3230\">Domy s opatrovate\u013eskou slu\u017ebou<\/a><\/p>\n<p><a href=\"http:\/\/szss-nitra.sk\/?page_id=3232\">Sp\u00e4tn\u00e1 v\u00e4zba<\/a><\/p>\n<p><a href=\"http:\/\/szss-nitra.sk\/?page_id=10873\">Podpora zamestnancov<\/a><\/p>\n<p><img loading=\"lazy\" decoding=\"async\" class=\"alignnone size-full wp-image-10642\" src=\"http:\/\/szss-nitra.sk\/wp-content\/uploads\/2023\/11\/menu_ico_TOS4.png\" alt=\"\" width=\"160\" height=\"130\" \/><\/td>\n<td><span style=\"color: #ffffff;\">.<\/span><\/td>\n<td style=\"vertical-align: top; text-align: justify;\">Poslan\u00edm je poskytova\u0165 dostupn\u00fa, kvalitn\u00fa a bezpe\u010dn\u00fa dom\u00e1cu opatrovate\u013esk\u00fa slu\u017ebu pre rie\u0161enie nepriaznivej soci\u00e1lnej situ\u00e1cie fyzickej osoby z d\u00f4vodu jej \u0165a\u017ek\u00e9ho zdravotn\u00e9ho postihnutia, nepriazniv\u00e9ho zdravotn\u00e9ho stavu alebo z d\u00f4vodu dov\u0155\u0161enia d\u00f4chodkov\u00e9ho veku v zmysle z\u00e1kona o soci\u00e1lnych slu\u017eb\u00e1ch ako s\u00fa\u010das\u0165 soci\u00e1lnej politiky Mesta Nitry. Poskytovan\u00edm dom\u00e1cej opatrovate\u013eskej slu\u017eby chceme dosiahnu\u0165 uspokojovanie individu\u00e1lnych potrieb prij\u00edmate\u013eov soci\u00e1lnej slu\u017eby vypl\u00fdvaj\u00facich z ich nepriazniv\u00e9ho zdravotn\u00e9ho stavu na takej kvalitat\u00edvnej \u00farovni, aby dok\u00e1zali vies\u0165 dlhodobo samostatn\u00fd a d\u00f4stojn\u00fd \u017eivot vo svojom dom\u00e1com prostred\u00ed k spokojnosti ich a ich bl\u00edzkych so s\u00fa\u010dasn\u00fdm dosiahnut\u00edm spokojnosti zamestnancov.<\/p>\n<p><em>Pri poskytovan\u00ed soci\u00e1lnej slu\u017eby uplat\u0148ujeme tieto hodnoty:<\/em><\/p>\n<p><img loading=\"lazy\" decoding=\"async\" class=\"size-full wp-image-10489 aligncenter\" src=\"http:\/\/szss-nitra.sk\/wp-content\/uploads\/2023\/10\/hodnoty_DS_schema_web.png\" alt=\"\" width=\"640\" height=\"640\" srcset=\"http:\/\/szss-nitra.sk\/wp-content\/uploads\/2023\/10\/hodnoty_DS_schema_web.png 640w, http:\/\/szss-nitra.sk\/wp-content\/uploads\/2023\/10\/hodnoty_DS_schema_web-300x300.png 300w, http:\/\/szss-nitra.sk\/wp-content\/uploads\/2023\/10\/hodnoty_DS_schema_web-100x100.png 100w\" sizes=\"auto, (max-width: 640px) 100vw, 640px\" \/><\/p>\n<p>Hodnota je v\u0161eobecn\u00fd pojem pre v\u0161etko, \u010do si cen\u00edme, v\u00e1\u017eime, \u010do pova\u017eujeme za d\u00f4le\u017eit\u00e9 a v\u00fdznamn\u00e9 pre \u010dloveka. Z h\u013eadiska pom\u00e1haj\u00facich profesi\u00ed patria hodnoty medzi z\u00e1kladn\u00e9 piliere, na ktor\u00e9 sa pri pomoci in\u00fdm m\u00f4\u017eeme odvola\u0165.<\/p>\n<p>Na\u0161ou v\u00edziou je vytvorenie tak\u00e9ho prostredia, ktor\u00e9 podporuje \u010do najvy\u0161\u0161iu mieru sebesta\u010dnosti a auton\u00f3mie prij\u00edmate\u013ea soci\u00e1lnej slu\u017eby a z\u00e1rove\u0148 poskytuje odborne spr\u00e1vne a bezpe\u010dn\u00e9 slu\u017eby s dostupn\u00fdm kvalifikovan\u00fdm opatrovate\u013eom\/opatrovate\u013ekou. Chceme poskytova\u0165 soci\u00e1lne slu\u017eby sp\u013a\u0148aj\u00face po\u017eiadavky na kvalitu, ktor\u00e9 z\u00e1rove\u0148 dbaj\u00fa aj na subjekt\u00edvnu spokojnos\u0165 prij\u00edmate\u013ea soci\u00e1lnej slu\u017eby a utv\u00e1raj\u00fa d\u00f4veru prij\u00edmate\u013ea soci\u00e1lnej slu\u017eby. Prij\u00edmate\u013e soci\u00e1lnej slu\u017eby je na\u0161im partnerom a jeho n\u00e1zor je pre n\u00e1s d\u00f4le\u017eit\u00fd.<\/p>\n<p><strong>Na\u0161ou v\u00edziou na roky 2026 \u2013 2031:<\/strong><\/p>\n<table>\n<tbody>\n<tr>\n<td><strong>Cie\u013e<\/strong><\/td>\n<td><span style=\"color: #ffffff;\">.<\/span><\/td>\n<td><strong>Merate\u013en\u00fd ukazovate\u013e<\/strong><\/td>\n<\/tr>\n<tr>\n<td>1.\u00a0 Dostatok opatrovateliek\/ opatrovate\u013eov v z\u00e1ujme podpory pr\u00e1ve ter\u00e9nnej formy soci\u00e1lnej slu\u017eby v prirodzenom prostred\u00ed prij\u00edmate\u013ea soci\u00e1lnej slu\u017eby<\/td>\n<td><span style=\"color: #ffffff;\">.<\/span><\/td>\n<td>\u2022 Po\u010det opatrovateliek\/ opatrovate\u013eov zodpovedaj\u00faci dopytu po soci\u00e1lnej slu\u017ebe<\/td>\n<\/tr>\n<tr>\n<td>2.\u00a0 V\u010dasn\u00e9 reagovanie na po\u017eiadavky prij\u00edmate\u013eov soci\u00e1lnej slu\u017eby \u2013 skor\u00fd za\u010diatok poskytovania soci\u00e1lnej slu\u017eby, zmeny v poskytovan\u00ed (odv\u00edja sa od cie\u013ea 1)<\/td>\n<td><span style=\"color: #ffffff;\">.<\/span><\/td>\n<td>\u2022 D\u00e1tum za\u010datia poskytovania soci\u00e1lnej slu\u017eby a d\u00e1tum podania \u017eiadosti (po\u010det dn\u00ed trvania vybavenia \u017eiadosti).<\/td>\n<\/tr>\n<\/tbody>\n<\/table>\n<\/td>\n<\/tr>\n<\/tbody>\n<\/table>\n","protected":false},"excerpt":{"rendered":"<p>Poslanie, hodnoty a v\u00edzia Kontakt Ako vybavi\u0165 \u00dakony opatrovate\u013eskej slu\u017eby Legislat\u00edva \u010cas poskytovania slu\u017eby Evidencia \u017eiadate\u013eov Cenn\u00edk Domy s opatrovate\u013eskou slu\u017ebou Sp\u00e4tn\u00e1 v\u00e4zba Podpora zamestnancov . Poslan\u00edm je poskytova\u0165 dostupn\u00fa, kvalitn\u00fa a bezpe\u010dn\u00fa dom\u00e1cu opatrovate\u013esk\u00fa slu\u017ebu pre rie\u0161enie nepriaznivej soci\u00e1lnej situ\u00e1cie fyzickej osoby z d\u00f4vodu jej \u0165a\u017ek\u00e9ho zdravotn\u00e9ho postihnutia, nepriazniv\u00e9ho zdravotn\u00e9ho stavu alebo z d\u00f4vodu [&hellip;]<\/p>\n","protected":false},"author":1,"featured_media":0,"parent":0,"menu_order":0,"comment_status":"closed","ping_status":"closed","template":"","meta":{"footnotes":""},"class_list":["post-10644","page","type-page","status-publish","hentry"],"_links":{"self":[{"href":"http:\/\/szss-nitra.sk\/index.php?rest_route=\/wp\/v2\/pages\/10644","targetHints":{"allow":["GET"]}}],"collection":[{"href":"http:\/\/szss-nitra.sk\/index.php?rest_route=\/wp\/v2\/pages"}],"about":[{"href":"http:\/\/szss-nitra.sk\/index.php?rest_route=\/wp\/v2\/types\/page"}],"author":[{"embeddable":true,"href":"http:\/\/szss-nitra.sk\/index.php?rest_route=\/wp\/v2\/users\/1"}],"replies":[{"embeddable":true,"href":"http:\/\/szss-nitra.sk\/index.php?rest_route=%2Fwp%2Fv2%2Fcomments&post=10644"}],"version-history":[{"count":13,"href":"http:\/\/szss-nitra.sk\/index.php?rest_route=\/wp\/v2\/pages\/10644\/revisions"}],"predecessor-version":[{"id":15923,"href":"http:\/\/szss-nitra.sk\/index.php?rest_route=\/wp\/v2\/pages\/10644\/revisions\/15923"}],"wp:attachment":[{"href":"http:\/\/szss-nitra.sk\/index.php?rest_route=%2Fwp%2Fv2%2Fmedia&parent=10644"}],"curies":[{"name":"wp","href":"https:\/\/api.w.org\/{rel}","templated":true}]}}